CRAN Package Check Results for Package stockfish

Last updated on 2022-05-24 23:53:20 CEST.

Flavor Version Tinstall Tcheck Ttotal Status Flags
r-devel-linux-x86_64-debian-clang 1.0.0 51.44 31.73 83.17 OK
r-devel-linux-x86_64-debian-gcc 1.0.0 52.38 24.75 77.13 OK
r-devel-linux-x86_64-fedora-clang 1.0.0 146.73 OK
r-devel-linux-x86_64-fedora-gcc 1.0.0 114.16 OK
r-devel-windows-x86_64 1.0.0 72.00 54.00 126.00 OK
r-patched-linux-x86_64 1.0.0 50.60 30.92 81.52 OK
r-release-linux-x86_64 1.0.0 ERROR
r-release-macos-arm64 1.0.0 43.00 OK
r-release-macos-x86_64 1.0.0 48.00 OK
r-release-windows-x86_64 1.0.0 69.00 54.00 123.00 OK
r-oldrel-macos-arm64 1.0.0 38.00 OK
r-oldrel-macos-x86_64 1.0.0 51.00 OK
r-oldrel-windows-ix86+x86_64 1.0.0 169.00 47.00 216.00 NOTE

Check Details

Version: 1.0.0
Check: tests
Result: ERROR
     Running ‘testthat.R’ [3s/7s]
    Running the tests in ‘tests/testthat.R’ failed.
    Complete output:
     > library(testthat)
     > library(stockfish)
     >
     > test_check("stockfish")
     [ FAIL 1 | WARN 0 | SKIP 0 | PASS 18 ]
    
     ══ Failed tests ════════════════════════════════════════════════════════════════
     ── Failure (test-fish.R:30:3): engine works ────────────────────────────────────
     engine$ucinewgame() (`actual`) not equal to "readyok" (`expected`).
    
     `actual` is NULL
     `expected` is a character vector ('readyok')
    
     [ FAIL 1 | WARN 0 | SKIP 0 | PASS 18 ]
     Error: Test failures
     Execution halted
Flavor: r-release-linux-x86_64

Version: 1.0.0
Check: installed package size
Result: NOTE
     installed size is 7.0Mb
     sub-directories of 1Mb or more:
     bin 6.9Mb
Flavor: r-oldrel-windows-ix86+x86_64