Last updated on 2021-01-20 23:49:55 CET.
Flavor | Version | Tinstall | Tcheck | Ttotal | Status | Flags |
---|---|---|---|---|---|---|
r-devel-linux-x86_64-debian-clang | 3.0.3 | 138.36 | 130.56 | 268.92 | OK | |
r-devel-linux-x86_64-debian-gcc | 3.0.3 | 90.19 | 100.65 | 190.84 | OK | |
r-devel-linux-x86_64-fedora-clang | 3.0.3 | 392.13 | NOTE | |||
r-devel-linux-x86_64-fedora-gcc | 3.0.3 | 335.44 | OK | |||
r-devel-windows-ix86+x86_64 | 3.0.3 | 225.00 | 233.00 | 458.00 | OK | |
r-patched-linux-x86_64 | 3.0.3 | 103.59 | 128.52 | 232.11 | OK | |
r-patched-solaris-x86 | 3.0.3 | 359.50 | OK | |||
r-release-linux-x86_64 | 3.0.3 | 109.90 | 127.83 | 237.73 | OK | |
r-release-macos-x86_64 | 3.0.3 | NOTE | ||||
r-release-windows-ix86+x86_64 | 3.0.3 | 232.00 | 262.00 | 494.00 | OK | |
r-oldrel-macos-x86_64 | 3.0.3 | NOTE | ||||
r-oldrel-windows-ix86+x86_64 | 3.0.3 | 209.00 | 193.00 | 402.00 | OK |
Version: 3.0.3
Check: installed package size
Result: NOTE
installed size is 7.3Mb
sub-directories of 1Mb or more:
libs 6.2Mb
Flavors: r-devel-linux-x86_64-fedora-clang, r-release-macos-x86_64, r-oldrel-macos-x86_64