CRAN Package Check Results for Package stlplus

Last updated on 2024-04-14 05:04:20 CEST.

Flavor Version Tinstall Tcheck Ttotal Status Flags
r-devel-linux-x86_64-debian-clang 0.5.1 38.41 42.73 81.14 NOTE
r-devel-linux-x86_64-debian-gcc 0.5.1 26.11 31.99 58.10 NOTE
r-devel-linux-x86_64-fedora-clang 0.5.1 112.35 NOTE
r-devel-linux-x86_64-fedora-gcc 0.5.1 105.93 NOTE
r-devel-windows-x86_64 0.5.1 29.00 63.00 92.00 NOTE
r-patched-linux-x86_64 0.5.1 33.41 41.00 74.41 NOTE
r-release-linux-x86_64 0.5.1 35.37 40.57 75.94 NOTE
r-release-macos-arm64 0.5.1 32.00 NOTE
r-release-macos-x86_64 0.5.1 48.00 NOTE
r-release-windows-x86_64 0.5.1 38.00 78.00 116.00 NOTE
r-oldrel-macos-arm64 0.5.1 30.00 NOTE
r-oldrel-windows-x86_64 0.5.1 36.00 79.00 115.00 NOTE

Check Details

Version: 0.5.1
Check: LazyData
Result: NOTE 'LazyData' is specified without a 'data' directory Flavors: r-devel-linux-x86_64-debian-clang, r-devel-linux-x86_64-debian-gcc, r-devel-linux-x86_64-fedora-clang, r-devel-linux-x86_64-fedora-gcc, r-devel-windows-x86_64, r-patched-linux-x86_64, r-release-linux-x86_64, r-release-macos-arm64, r-release-macos-x86_64, r-release-windows-x86_64, r-oldrel-macos-arm64, r-oldrel-windows-x86_64

Version: 0.5.1
Check: compiled code
Result: NOTE File ‘stlplus/libs/stlplus.so’: Found no calls to: ‘R_registerRoutines’, ‘R_useDynamicSymbols’ It is good practice to register native routines and to disable symbol search. See ‘Writing portable packages’ in the ‘Writing R Extensions’ manual. Flavors: r-devel-linux-x86_64-fedora-clang, r-devel-linux-x86_64-fedora-gcc