Last updated on 2023-03-23 19:50:29 CET.
Flavor | Version | Tinstall | Tcheck | Ttotal | Status | Flags |
---|---|---|---|---|---|---|
r-devel-linux-x86_64-debian-clang | 0.1.1 | 4.49 | 41.85 | 46.34 | WARN | |
r-devel-linux-x86_64-debian-gcc | 0.1.1 | 3.90 | 32.55 | 36.45 | WARN | |
r-devel-linux-x86_64-fedora-clang | 0.1.1 | 60.20 | WARN | |||
r-devel-linux-x86_64-fedora-gcc | 0.1.1 | 54.87 | WARN | |||
r-patched-linux-x86_64 | 0.1.1 | 5.14 | 42.13 | 47.27 | OK | |
r-release-linux-x86_64 | 0.1.1 | 4.84 | 42.10 | 46.94 | OK | |
r-release-macos-arm64 | 0.1.1 | 24.00 | OK | |||
r-release-macos-x86_64 | 0.1.1 | 33.00 | OK | |||
r-release-windows-x86_64 | 0.1.1 | 28.00 | 121.00 | 149.00 | OK | |
r-oldrel-macos-arm64 | 0.1.1 | 25.00 | OK | |||
r-oldrel-macos-x86_64 | 0.1.1 | 36.00 | OK | |||
r-oldrel-windows-ix86+x86_64 | 0.1.1 | 12.00 | 75.00 | 87.00 | OK |
Version: 0.1.1
Check: S3 generic/method consistency
Result: WARN
rowwise:
function(data, ...)
rowwise.sticky_rowwise_df:
function(.data, ..., .add)
rowwise:
function(data, ...)
rowwise.sticky_grouped_df:
function(.data, ..., .add)
rowwise:
function(data, ...)
rowwise.sticky_tbl_df:
function(.data, ..., .add)
See section ‘Generic functions and methods’ in the ‘Writing R
Extensions’ manual.
Flavors: r-devel-linux-x86_64-debian-clang, r-devel-linux-x86_64-debian-gcc, r-devel-linux-x86_64-fedora-clang, r-devel-linux-x86_64-fedora-gcc