CRAN Package Check Results for Package stevedata

Last updated on 2021-06-20 19:50:45 CEST.

Flavor Version Tinstall Tcheck Ttotal Status Flags
r-devel-linux-x86_64-debian-clang 0.4.0 35.87 38.14 74.01 OK
r-devel-linux-x86_64-debian-gcc 0.4.0 31.61 31.41 63.02 OK
r-devel-linux-x86_64-fedora-clang 0.4.0 109.51 NOTE
r-devel-linux-x86_64-fedora-gcc 0.4.0 102.28 NOTE
r-devel-windows-x86_64 0.4.0 51.00 46.00 97.00 OK
r-devel-windows-x86_64-gcc10-UCRT 0.4.0 NOTE
r-patched-linux-x86_64 0.4.0 37.09 38.11 75.20 OK
r-patched-solaris-x86 0.4.0 213.60 NOTE
r-release-linux-x86_64 0.4.0 34.12 38.08 72.20 OK
r-release-macos-arm64 0.4.0 NOTE
r-release-macos-x86_64 0.4.0 NOTE
r-release-windows-ix86+x86_64 0.4.0 50.00 56.00 106.00 OK
r-oldrel-macos-x86_64 0.4.0 NOTE

Check Details

Version: 0.4.0
Check: data for non-ASCII characters
Result: NOTE
     Note: found 42 marked UTF-8 strings
Flavors: r-devel-linux-x86_64-fedora-clang, r-devel-linux-x86_64-fedora-gcc, r-devel-windows-x86_64-gcc10-UCRT, r-patched-solaris-x86, r-release-macos-arm64, r-release-macos-x86_64, r-oldrel-macos-x86_64