Last updated on 2022-05-20 11:51:15 CEST.
Flavor | Version | Tinstall | Tcheck | Ttotal | Status | Flags |
---|---|---|---|---|---|---|
r-devel-linux-x86_64-debian-clang | 0.1.4 | 6.31 | 66.35 | 72.66 | OK | |
r-devel-linux-x86_64-debian-gcc | 0.1.4 | 4.93 | 49.78 | 54.71 | OK | |
r-devel-linux-x86_64-fedora-clang | 0.1.4 | 87.08 | NOTE | |||
r-devel-linux-x86_64-fedora-gcc | 0.1.4 | 82.26 | NOTE | |||
r-devel-windows-x86_64 | 0.1.4 | 51.00 | 77.00 | 128.00 | OK | |
r-patched-linux-x86_64 | 0.1.4 | 6.96 | 62.26 | 69.22 | OK | |
r-release-linux-x86_64 | 0.1.4 | 4.61 | 62.18 | 66.79 | OK | |
r-release-macos-arm64 | 0.1.4 | 26.00 | NOTE | |||
r-release-macos-x86_64 | 0.1.4 | 45.00 | NOTE | |||
r-release-windows-x86_64 | 0.1.4 | 33.00 | 80.00 | 113.00 | OK | |
r-oldrel-macos-arm64 | 0.1.4 | 26.00 | NOTE | |||
r-oldrel-macos-x86_64 | 0.1.4 | 35.00 | NOTE | |||
r-oldrel-windows-ix86+x86_64 | 0.1.4 | 16.00 | 80.00 | 96.00 | OK |
Version: 0.1.4
Check: dependencies in R code
Result: NOTE
Namespace in Imports field not imported from: ‘tibble’
All declared Imports should be used.
Flavors: r-devel-linux-x86_64-fedora-clang, r-devel-linux-x86_64-fedora-gcc, r-release-macos-arm64, r-release-macos-x86_64, r-oldrel-macos-arm64, r-oldrel-macos-x86_64