Last updated on 2021-02-28 19:48:13 CET.
Flavor | Version | Tinstall | Tcheck | Ttotal | Status | Flags |
---|---|---|---|---|---|---|
r-devel-linux-x86_64-debian-clang | 0.7.1 | OK | ||||
r-devel-linux-x86_64-debian-gcc | 0.7.1 | 14.87 | 315.31 | 330.18 | OK | |
r-devel-linux-x86_64-fedora-clang | 0.7.1 | 533.12 | OK | |||
r-devel-linux-x86_64-fedora-gcc | 0.7.1 | 447.84 | OK | |||
r-devel-windows-ix86+x86_64 | 0.7.0 | 43.00 | 336.00 | 379.00 | OK | |
r-patched-linux-x86_64 | 0.7.1 | 11.27 | 438.74 | 450.01 | OK | |
r-patched-solaris-x86 | 0.7.1 | 679.90 | OK | |||
r-release-linux-x86_64 | 0.7.1 | 12.05 | 434.13 | 446.18 | OK | |
r-release-macos-x86_64 | 0.7.1 | ERROR | ||||
r-release-windows-ix86+x86_64 | 0.7.0 | 72.00 | 430.00 | 502.00 | OK | |
r-oldrel-macos-x86_64 | 0.7.1 | OK | ||||
r-oldrel-windows-ix86+x86_64 | 0.7.0 | 47.00 | 349.00 | 396.00 | OK |
Version: 0.7.1
Check: package dependencies
Result: ERROR
Packages required and available but unsuitable versions:
'correlation', 'effectsize', 'parameters'
See section ‘The DESCRIPTION file’ in the ‘Writing R Extensions’
manual.
Flavor: r-release-macos-x86_64