CRAN Package Check Results for Package starticles

Last updated on 2023-02-06 11:56:21 CET.

Flavor Version Tinstall Tcheck Ttotal Status Flags
r-devel-linux-x86_64-debian-clang 0.1.0 1.69 31.53 33.22 OK
r-devel-linux-x86_64-debian-gcc 0.1.0 1.55 25.27 26.82 OK
r-devel-linux-x86_64-fedora-clang 0.1.0 44.04 NOTE
r-devel-linux-x86_64-fedora-gcc 0.1.0 43.05 NOTE
r-devel-windows-x86_64 0.1.0 17.00 56.00 73.00 OK
r-patched-linux-x86_64 0.1.0 2.06 31.93 33.99 OK
r-release-linux-x86_64 0.1.0 2.01 34.26 36.27 OK
r-release-macos-arm64 0.1.0 18.00 NOTE
r-release-macos-x86_64 0.1.0 28.00 NOTE
r-release-windows-x86_64 0.1.0 26.00 59.00 85.00 OK
r-oldrel-macos-arm64 0.1.0 16.00 NOTE
r-oldrel-macos-x86_64 0.1.0 26.00 NOTE
r-oldrel-windows-ix86+x86_64 0.1.0 6.00 55.00 61.00 OK

Check Details

Version: 0.1.0
Check: dependencies in R code
Result: NOTE
    Namespaces in Imports field not imported from:
     ‘bookdown’ ‘knitr’ ‘rmarkdown’
     All declared Imports should be used.
Flavors: r-devel-linux-x86_64-fedora-clang, r-devel-linux-x86_64-fedora-gcc, r-release-macos-arm64, r-release-macos-x86_64, r-oldrel-macos-arm64, r-oldrel-macos-x86_64