CRAN Package Check Results for Package startR

Last updated on 2021-06-15 07:49:22 CEST.

Flavor Version Tinstall Tcheck Ttotal Status Flags
r-devel-linux-x86_64-debian-clang 2.1.0 18.03 113.47 131.50 NOTE
r-devel-linux-x86_64-debian-gcc 2.1.0 14.21 82.76 96.97 NOTE
r-devel-linux-x86_64-fedora-clang 2.1.0 167.90 NOTE
r-devel-linux-x86_64-fedora-gcc 2.1.0 162.88 NOTE
r-devel-windows-x86_64 2.1.0 31.00 127.00 158.00 NOTE
r-devel-windows-x86_64-gcc10-UCRT 2.1.0 NOTE
r-patched-linux-x86_64 2.1.0 18.75 106.82 125.57 NOTE
r-patched-solaris-x86 2.1.0 202.60 NOTE
r-release-linux-x86_64 2.1.0 18.89 106.11 125.00 NOTE
r-release-macos-arm64 2.1.0 NOTE
r-release-macos-x86_64 2.1.0 NOTE
r-release-windows-ix86+x86_64 2.1.0 38.00 127.00 165.00 NOTE
r-oldrel-macos-x86_64 2.1.0 OK
r-oldrel-windows-ix86+x86_64 2.1.0 39.00 137.00 176.00 OK

Check Details

Version: 2.1.0
Check: LazyData
Result: NOTE
     'LazyData' is specified without a 'data' directory
Flavors: r-devel-linux-x86_64-debian-clang, r-devel-linux-x86_64-debian-gcc, r-devel-linux-x86_64-fedora-clang, r-devel-linux-x86_64-fedora-gcc, r-devel-windows-x86_64, r-devel-windows-x86_64-gcc10-UCRT, r-patched-linux-x86_64, r-patched-solaris-x86, r-release-linux-x86_64, r-release-macos-arm64, r-release-macos-x86_64, r-release-windows-ix86+x86_64