CRAN Package Check Results for Package stars

Last updated on 2024-07-21 11:56:56 CEST.

Flavor Version Tinstall Tcheck Ttotal Status Flags
r-devel-linux-x86_64-debian-clang 0.6-6 15.51 384.68 400.19 NOTE
r-devel-linux-x86_64-debian-gcc 0.6-6 16.28 285.84 302.12 NOTE
r-devel-linux-x86_64-fedora-clang 0.6-6 524.63 NOTE
r-devel-linux-x86_64-fedora-gcc 0.6-6 508.61 NOTE
r-devel-windows-x86_64 0.6-6 14.00 279.00 293.00 NOTE
r-patched-linux-x86_64 0.6-6 17.42 367.35 384.77 NOTE
r-release-linux-x86_64 0.6-5 18.79 367.71 386.50 ERROR
r-release-macos-arm64 0.6-6 151.00 NOTE
r-release-macos-x86_64 0.6-6 350.00 NOTE
r-release-windows-x86_64 0.6-6 25.00 276.00 301.00 NOTE
r-oldrel-macos-arm64 0.6-6 169.00 NOTE
r-oldrel-macos-x86_64 0.6-6 336.00 NOTE
r-oldrel-windows-x86_64 0.6-5 23.00 380.00 403.00 ERROR

Check Details

Version: 0.6-6
Check: package dependencies
Result: NOTE Package suggested but not available for checking: ‘starsdata’ Flavors: r-devel-linux-x86_64-debian-clang, r-devel-linux-x86_64-debian-gcc, r-devel-linux-x86_64-fedora-clang, r-devel-linux-x86_64-fedora-gcc, r-devel-windows-x86_64, r-patched-linux-x86_64, r-release-macos-arm64, r-release-macos-x86_64, r-release-windows-x86_64, r-oldrel-macos-arm64, r-oldrel-macos-x86_64

Version: 0.6-6
Check: installed package size
Result: NOTE installed size is 6.5Mb sub-directories of 1Mb or more: doc 2.4Mb nc 1.8Mb Flavors: r-devel-linux-x86_64-fedora-clang, r-devel-windows-x86_64, r-release-macos-arm64, r-release-macos-x86_64, r-release-windows-x86_64, r-oldrel-macos-arm64, r-oldrel-macos-x86_64

Version: 0.6-5
Check: package dependencies
Result: NOTE Package suggested but not available for checking: ‘starsdata’ Flavors: r-release-linux-x86_64, r-oldrel-windows-x86_64

Version: 0.6-5
Check: tests
Result: ERROR Running ‘aggregate.R’ [15s/17s] Comparing ‘aggregate.Rout’ to ‘aggregate.Rout.save’ ... OK Running ‘align.R’ [2s/3s] Comparing ‘align.Rout’ to ‘align.Rout.save’ ... OK Running ‘area.R’ [2s/2s] Comparing ‘area.Rout’ to ‘area.Rout.save’ ... OK Running ‘crop.R’ [6s/8s] Comparing ‘crop.Rout’ to ‘crop.Rout.save’ ... OK Running ‘curvilinear.R’ [1s/2s] Comparing ‘curvilinear.Rout’ to ‘curvilinear.Rout.save’ ... OK Running ‘datasets.R’ [2s/2s] Comparing ‘datasets.Rout’ to ‘datasets.Rout.save’ ... OK Running ‘dimensions.R’ [3s/4s] Comparing ‘dimensions.Rout’ to ‘dimensions.Rout.save’ ... OK Running ‘downsample.R’ [2s/2s] Comparing ‘downsample.Rout’ to ‘downsample.Rout.save’ ... OK Running ‘ee.R’ [2s/2s] Comparing ‘ee.Rout’ to ‘ee.Rout.save’ ... OK Running ‘extract.R’ [2s/2s] Comparing ‘extract.Rout’ to ‘extract.Rout.save’ ... OK Running ‘gridtypes.R’ [2s/2s] Comparing ‘gridtypes.Rout’ to ‘gridtypes.Rout.save’ ... OK Running ‘mdim.R’ [2s/2s] Comparing ‘mdim.Rout’ to ‘mdim.Rout.save’ ... OK Running ‘nc.R’ [3s/4s] Comparing ‘nc.Rout’ to ‘nc.Rout.save’ ... OK Running ‘plot.R’ [4s/4s] Comparing ‘plot.Rout’ to ‘plot.Rout.save’ ... OK Running ‘predict.R’ [5s/6s] Comparing ‘predict.Rout’ to ‘predict.Rout.save’ ... OK Running ‘proxy.R’ [4s/5s] Comparing ‘proxy.Rout’ to ‘proxy.Rout.save’ ... OK Running ‘raster.R’ [15s/16s] Comparing ‘raster.Rout’ to ‘raster.Rout.save’ ... OK Running ‘rasterize.R’ [4s/4s] Comparing ‘rasterize.Rout’ to ‘rasterize.Rout.save’ ... OK Running ‘rectilinear.R’ [2s/3s] Comparing ‘rectilinear.Rout’ to ‘rectilinear.Rout.save’ ... OK Running ‘redimension.R’ [2s/2s] Comparing ‘redimension.Rout’ to ‘redimension.Rout.save’ ... OK Running ‘sf.R’ [3s/3s] Comparing ‘sf.Rout’ to ‘sf.Rout.save’ ... OK Running ‘sp.R’ [3s/3s] Comparing ‘sp.Rout’ to ‘sp.Rout.save’ ... OK Running ‘spacetime.R’ [3s/4s] Comparing ‘spacetime.Rout’ to ‘spacetime.Rout.save’ ... OK Running ‘spatstat.R’ [4s/4s] Comparing ‘spatstat.Rout’ to ‘spatstat.Rout.save’ ... OK Running ‘stars.R’ [11s/13s] Comparing ‘stars.Rout’ to ‘stars.Rout.save’ ... OK Running ‘subset.R’ [2s/3s] Comparing ‘subset.Rout’ to ‘subset.Rout.save’ ... OK Running ‘testthat.R’ [22s/27s] Running ‘tidy.R’ [3s/4s] Comparing ‘tidy.Rout’ to ‘tidy.Rout.save’ ... OK Running ‘transform.R’ [2s/3s] Comparing ‘transform.Rout’ to ‘transform.Rout.save’ ...40c40 < Linking to liblwgeom 3.0.0beta1 r16016, GEOS 3.12.2, PROJ 9.4.1 --- > Linking to liblwgeom 3.0.0beta1 r16016, GEOS 3.12.1, PROJ 9.3.1 Running ‘warp.R’ [3s/4s] Comparing ‘warp.Rout’ to ‘warp.Rout.save’ ... OK Running ‘write.R’ [2s/2s] Comparing ‘write.Rout’ to ‘write.Rout.save’ ... OK Running the tests in ‘tests/testthat.R’ failed. Complete output: > ## load dependencies > library(testthat) > suppressPackageStartupMessages(library(stars)) > > ## test package > test_check("stars") [ FAIL 1 | WARN 1 | SKIP 4 | PASS 70 ] ══ Skipped tests (4) ═══════════════════════════════════════════════════════════ • On CRAN (4): 'test-OpenStreetMap.R:2:3', 'test-ncdf.R:1:1', 'test-ncproxy.R:1:1', 'test-rectilinear.R:89:3' ══ Failed tests ════════════════════════════════════════════════════════════════ ── Failure ('test-cubble.R:15:3'): cubble ────────────────────────────────────── all.equal(l7sub, s2, check.attributes = FALSE) is not TRUE `actual` is a character vector ('Component 1: target is array, current is matrix') `expected` is a logical vector (TRUE) [ FAIL 1 | WARN 1 | SKIP 4 | PASS 70 ] Error: Test failures Execution halted Flavor: r-release-linux-x86_64

Version: 0.6-5
Check: installed package size
Result: NOTE installed size is 6.3Mb sub-directories of 1Mb or more: doc 2.4Mb nc 1.7Mb Flavor: r-oldrel-windows-x86_64

Version: 0.6-5
Check: tests
Result: ERROR Running 'aggregate.R' [14s] Comparing 'aggregate.Rout' to 'aggregate.Rout.save' ... OK Running 'align.R' [3s] Comparing 'align.Rout' to 'align.Rout.save' ... OK Running 'area.R' [2s] Comparing 'area.Rout' to 'area.Rout.save' ... OK Running 'crop.R' [6s] Comparing 'crop.Rout' to 'crop.Rout.save' ... OK Running 'curvilinear.R' [2s] Comparing 'curvilinear.Rout' to 'curvilinear.Rout.save' ... OK Running 'datasets.R' [2s] Comparing 'datasets.Rout' to 'datasets.Rout.save' ... OK Running 'dimensions.R' [3s] Comparing 'dimensions.Rout' to 'dimensions.Rout.save' ... OK Running 'downsample.R' [1s] Comparing 'downsample.Rout' to 'downsample.Rout.save' ... OK Running 'ee.R' [2s] Comparing 'ee.Rout' to 'ee.Rout.save' ... OK Running 'extract.R' [1s] Comparing 'extract.Rout' to 'extract.Rout.save' ... OK Running 'gridtypes.R' [2s] Comparing 'gridtypes.Rout' to 'gridtypes.Rout.save' ... OK Running 'mdim.R' [2s] Comparing 'mdim.Rout' to 'mdim.Rout.save' ... OK Running 'nc.R' [3s] Comparing 'nc.Rout' to 'nc.Rout.save' ... OK Running 'plot.R' [4s] Comparing 'plot.Rout' to 'plot.Rout.save' ... OK Running 'predict.R' [6s] Comparing 'predict.Rout' to 'predict.Rout.save' ... OK Running 'proxy.R' [5s] Comparing 'proxy.Rout' to 'proxy.Rout.save' ... OK Running 'raster.R' [13s] Comparing 'raster.Rout' to 'raster.Rout.save' ... OK Running 'rasterize.R' [4s] Comparing 'rasterize.Rout' to 'rasterize.Rout.save' ... OK Running 'rectilinear.R' [2s] Comparing 'rectilinear.Rout' to 'rectilinear.Rout.save' ... OK Running 'redimension.R' [2s] Comparing 'redimension.Rout' to 'redimension.Rout.save' ... OK Running 'sf.R' [3s] Comparing 'sf.Rout' to 'sf.Rout.save' ... OK Running 'sp.R' [2s] Comparing 'sp.Rout' to 'sp.Rout.save' ... OK Running 'spacetime.R' [4s] Comparing 'spacetime.Rout' to 'spacetime.Rout.save' ... OK Running 'spatstat.R' [4s] Comparing 'spatstat.Rout' to 'spatstat.Rout.save' ... OK Running 'stars.R' [12s] Comparing 'stars.Rout' to 'stars.Rout.save' ... OK Running 'subset.R' [2s] Comparing 'subset.Rout' to 'subset.Rout.save' ... OK Running 'testthat.R' [18s] Running 'tidy.R' [3s] Comparing 'tidy.Rout' to 'tidy.Rout.save' ... OK Running 'transform.R' [2s] Comparing 'transform.Rout' to 'transform.Rout.save' ...40c40 < Linking to liblwgeom 3.0.0beta1 r16016, GEOS 3.11.2, PROJ 9.3.1 --- > Linking to liblwgeom 3.0.0beta1 r16016, GEOS 3.12.1, PROJ 9.3.1 Running 'warp.R' [4s] Comparing 'warp.Rout' to 'warp.Rout.save' ... OK Running 'write.R' [2s] Comparing 'write.Rout' to 'write.Rout.save' ... OK Running the tests in 'tests/testthat.R' failed. Complete output: > ## load dependencies > library(testthat) > suppressPackageStartupMessages(library(stars)) > > ## test package > test_check("stars") [ FAIL 1 | WARN 1 | SKIP 4 | PASS 70 ] ══ Skipped tests (4) ═══════════════════════════════════════════════════════════ • On CRAN (4): 'test-OpenStreetMap.R:2:3', 'test-ncdf.R:1:1', 'test-ncproxy.R:1:1', 'test-rectilinear.R:89:3' ══ Failed tests ════════════════════════════════════════════════════════════════ ── Failure ('test-cubble.R:15:3'): cubble ────────────────────────────────────── all.equal(l7sub, s2, check.attributes = FALSE) is not TRUE `actual` is a character vector ('Component 1: target is array, current is matrix') `expected` is a logical vector (TRUE) [ FAIL 1 | WARN 1 | SKIP 4 | PASS 70 ] Error: Test failures Execution halted Flavor: r-oldrel-windows-x86_64