CRAN Package Check Results for Package stargazer

Last updated on 2021-05-06 11:50:40 CEST.

Flavor Version Tinstall Tcheck Ttotal Status Flags
r-devel-linux-x86_64-debian-clang 5.2.2 10.87 63.34 74.21 OK
r-devel-linux-x86_64-debian-gcc 5.2.2 8.99 46.68 55.67 OK
r-devel-linux-x86_64-fedora-clang 5.2.2 99.22 OK
r-devel-linux-x86_64-fedora-gcc 5.2.2 88.29 OK
r-devel-windows-ix86+x86_64 5.2.2 16.00 6.00 22.00 ERROR
r-devel-windows-x86_64-gcc10-UCRT 5.2.2 OK
r-patched-linux-x86_64 5.2.2 11.28 60.53 71.81 OK
r-patched-solaris-x86 5.2.2 108.30 OK
r-release-linux-x86_64 5.2.2 11.00 55.23 66.23 OK
r-release-macos-x86_64 5.2.2 NOTE
r-release-windows-ix86+x86_64 5.2.2 16.00 65.00 81.00 OK
r-oldrel-macos-x86_64 5.2.2 NOTE
r-oldrel-windows-ix86+x86_64 5.2.2 17.00 80.00 97.00 OK

Check Details

Version: 5.2.2
Check: whether package can be installed
Result: ERROR
    Installation failed.
    See for details.
    *
Flavor: r-devel-windows-ix86+x86_64

Version: 5.2.2
Check: package dependencies
Result: NOTE
    Package which this enhances but not available for checking: ‘Zelig’
Flavor: r-release-macos-x86_64

Version: 5.2.2
Check: package dependencies
Result: NOTE
    Package which this enhances but not available for checking: ‘mnlogit’
Flavor: r-oldrel-macos-x86_64