CRAN Package Check Results for Package ssrm.logmer

Last updated on 2021-04-20 19:53:33 CEST.

Flavor Version Tinstall Tcheck Ttotal Status Flags
r-devel-linux-x86_64-debian-clang 0.1 2.29 23.16 25.45 NOTE
r-devel-linux-x86_64-debian-gcc 0.1 1.69 18.27 19.96 NOTE
r-devel-linux-x86_64-fedora-clang 0.1 41.33 NOTE
r-devel-linux-x86_64-fedora-gcc 0.1 30.49 NOTE
r-devel-windows-ix86+x86_64 0.1 5.00 33.00 38.00 NOTE
r-devel-windows-x86_64-gcc10-UCRT 0.1 NOTE
r-patched-linux-x86_64 0.1 2.01 22.32 24.33 OK
r-patched-solaris-x86 0.1 48.00 OK
r-release-linux-x86_64 0.1 2.20 22.64 24.84 OK
r-release-macos-x86_64 0.1 OK
r-release-windows-ix86+x86_64 0.1 5.00 39.00 44.00 OK
r-oldrel-macos-x86_64 0.1 OK
r-oldrel-windows-ix86+x86_64 0.1 3.00 43.00 46.00 OK

Check Details

Version: 0.1
Check: LazyData
Result: NOTE
     'LazyData' is specified without a 'data' directory
Flavors: r-devel-linux-x86_64-debian-clang, r-devel-linux-x86_64-debian-gcc, r-devel-linux-x86_64-fedora-clang, r-devel-linux-x86_64-fedora-gcc, r-devel-windows-ix86+x86_64, r-devel-windows-x86_64-gcc10-UCRT