CRAN Package Check Results for Package ssifs

Last updated on 2024-06-13 00:55:33 CEST.

Flavor Version Tinstall Tcheck Ttotal Status Flags
r-devel-linux-x86_64-debian-clang 1.0.2 9.49 150.41 159.90 OK
r-devel-linux-x86_64-debian-gcc 1.0.2 0.38 1.75 2.13 ERROR
r-devel-linux-x86_64-fedora-clang 1.0.2 199.25 OK
r-devel-linux-x86_64-fedora-gcc 1.0.2 209.81 OK
r-devel-windows-x86_64 1.0.2 9.00 135.00 144.00 OK
r-patched-linux-x86_64 1.0.2 8.40 143.47 151.87 OK
r-release-linux-x86_64 1.0.2 7.97 142.66 150.63 OK
r-release-macos-arm64 1.0.2 51.00 OK
r-release-macos-x86_64 1.0.2 85.00 OK
r-release-windows-x86_64 1.0.2 9.00 133.00 142.00 OK
r-oldrel-macos-arm64 1.0.2 61.00 OK
r-oldrel-macos-x86_64 1.0.2 156.00 OK
r-oldrel-windows-x86_64 1.0.2 11.00 153.00 164.00 OK

Check Details

Version: 1.0.2
Check: package dependencies
Result: ERROR Packages required but not available: 'ggplot2', 'igraph', 'netmeta', 'R2jags', 'RevEcoR' See section ‘The DESCRIPTION file’ in the ‘Writing R Extensions’ manual. Flavor: r-devel-linux-x86_64-debian-gcc