Last updated on 2021-03-07 15:47:49 CET.
Flavor | Version | Tinstall | Tcheck | Ttotal | Status | Flags |
---|---|---|---|---|---|---|
r-devel-linux-x86_64-debian-clang | 0.2.1 | 13.43 | 120.23 | 133.66 | OK | |
r-devel-linux-x86_64-debian-gcc | 0.2.1 | 11.80 | 87.76 | 99.56 | OK | |
r-devel-linux-x86_64-fedora-clang | 0.2.1 | 168.44 | OK | |||
r-devel-linux-x86_64-fedora-gcc | 0.2.1 | 154.49 | OK | |||
r-devel-windows-ix86+x86_64 | 0.2.1 | 35.00 | 133.00 | 168.00 | OK | |
r-devel-windows-x86_64-gcc10-UCRT | 0.2.1 | OK | ||||
r-patched-linux-x86_64 | 0.2.1 | 13.99 | 108.73 | 122.72 | OK | |
r-patched-solaris-x86 | 0.2.1 | 224.00 | OK | |||
r-release-linux-x86_64 | 0.2.1 | 15.97 | 108.59 | 124.56 | OK | |
r-release-macos-x86_64 | 0.2.1 | OK | ||||
r-release-windows-ix86+x86_64 | 0.2.1 | 23.00 | 111.00 | 134.00 | OK | |
r-oldrel-macos-x86_64 | 0.2.1 | ERROR | ||||
r-oldrel-windows-ix86+x86_64 | 0.1.5 | 27.00 | 147.00 | 174.00 | OK |
Version: 0.2.1
Check: whether package can be installed
Result: ERROR
Installation failed.
Flavor: r-oldrel-macos-x86_64