CRAN Package Check Results for Package sqlutils

Last updated on 2022-05-17 11:49:52 CEST.

Flavor Version Tinstall Tcheck Ttotal Status Flags
r-devel-linux-x86_64-debian-clang 1.2 3.24 53.93 57.17 NOTE
r-devel-linux-x86_64-debian-gcc 1.2 3.40 41.78 45.18 NOTE
r-devel-linux-x86_64-fedora-clang 1.2 71.18 NOTE
r-devel-linux-x86_64-fedora-gcc 1.2 70.02 NOTE
r-devel-windows-x86_64 1.2 25.00 82.00 107.00 NOTE
r-patched-linux-x86_64 1.2 5.21 51.53 56.74 NOTE
r-release-linux-x86_64 1.2 3.35 52.42 55.77 NOTE
r-release-macos-arm64 1.2 31.00 NOTE
r-release-macos-x86_64 1.2 33.00 NOTE
r-release-windows-x86_64 1.2 24.00 81.00 105.00 NOTE
r-oldrel-macos-arm64 1.2 36.00 NOTE
r-oldrel-macos-x86_64 1.2 46.00 NOTE
r-oldrel-windows-ix86+x86_64 1.2 11.00 82.00 93.00 NOTE

Check Details

Version: 1.2
Check: DESCRIPTION meta-information
Result: NOTE
    Malformed Title field: should not end in a period.
Flavors: r-devel-linux-x86_64-debian-clang, r-devel-linux-x86_64-debian-gcc, r-devel-linux-x86_64-fedora-clang, r-devel-linux-x86_64-fedora-gcc, r-devel-windows-x86_64, r-patched-linux-x86_64, r-release-linux-x86_64, r-release-macos-arm64, r-release-macos-x86_64, r-release-windows-x86_64, r-oldrel-macos-arm64, r-oldrel-macos-x86_64, r-oldrel-windows-ix86+x86_64

Version: 1.2
Check: dependencies in R code
Result: NOTE
    'library' or 'require' calls in package code:
     'RJDBC' 'RMySQL' 'RODBC' 'RPostgreSQL' 'RSQLite' 'tcltk'
     Please use :: or requireNamespace() instead.
     See section 'Suggested packages' in the 'Writing R Extensions' manual.
Flavors: r-devel-linux-x86_64-debian-clang, r-devel-linux-x86_64-debian-gcc, r-devel-linux-x86_64-fedora-clang, r-devel-linux-x86_64-fedora-gcc, r-devel-windows-x86_64, r-patched-linux-x86_64, r-release-linux-x86_64, r-release-macos-arm64, r-release-macos-x86_64, r-release-windows-x86_64, r-oldrel-macos-arm64, r-oldrel-macos-x86_64, r-oldrel-windows-ix86+x86_64

Version: 1.2
Check: R code for possible problems
Result: NOTE
    cacheQuery: no visible global function definition for 'read.csv'
    cacheQuery: no visible global function definition for 'write.csv'
    Undefined global functions or variables:
     read.csv write.csv
    Consider adding
     importFrom("utils", "read.csv", "write.csv")
    to your NAMESPACE file.
Flavors: r-devel-linux-x86_64-debian-clang, r-devel-linux-x86_64-debian-gcc, r-devel-linux-x86_64-fedora-clang, r-devel-linux-x86_64-fedora-gcc, r-devel-windows-x86_64, r-patched-linux-x86_64, r-release-linux-x86_64, r-release-macos-arm64, r-release-macos-x86_64, r-release-windows-x86_64, r-oldrel-macos-arm64, r-oldrel-macos-x86_64, r-oldrel-windows-ix86+x86_64

Version: 1.2
Check: package dependencies
Result: NOTE
    Package which this enhances but not available for checking: ‘RODBC’
Flavor: r-oldrel-macos-arm64