CRAN Package Check Results for Package sqliteutils

Last updated on 2024-07-20 08:49:54 CEST.

Flavor Version Tinstall Tcheck Ttotal Status Flags
r-devel-linux-x86_64-debian-clang 0.1.0 1.62 26.37 27.99 OK
r-devel-linux-x86_64-debian-gcc 0.1.0 1.36 20.07 21.43 OK
r-devel-linux-x86_64-fedora-clang 0.1.0 35.70 NOTE
r-devel-linux-x86_64-fedora-gcc 0.1.0 34.86 NOTE
r-devel-windows-x86_64 0.1.0 4.00 42.00 46.00 OK
r-patched-linux-x86_64 0.1.0 1.65 25.21 26.86 OK
r-release-linux-x86_64 0.1.0 1.34 24.96 26.30 OK
r-release-macos-arm64 0.1.0 16.00 OK
r-release-macos-x86_64 0.1.0 25.00 OK
r-release-windows-x86_64 0.1.0 3.00 42.00 45.00 OK
r-oldrel-macos-arm64 0.1.0 19.00 OK
r-oldrel-macos-x86_64 0.1.0 24.00 OK
r-oldrel-windows-x86_64 0.1.0 3.00 44.00 47.00 OK

Check Details

Version: 0.1.0
Check: dependencies in R code
Result: NOTE Namespaces in Imports field not imported from: ‘DBI’ ‘RSQLite’ ‘dbplyr’ ‘dplyr’ All declared Imports should be used. Flavors: r-devel-linux-x86_64-fedora-clang, r-devel-linux-x86_64-fedora-gcc