CRAN Package Check Results for Package spotifyr

Last updated on 2024-06-14 00:54:00 CEST.

Flavor Version Tinstall Tcheck Ttotal Status Flags
r-devel-linux-x86_64-debian-clang 2.2.4 9.11 79.34 88.45 NOTE
r-devel-linux-x86_64-debian-gcc 2.2.4 0.46 1.74 2.20 ERROR
r-devel-linux-x86_64-fedora-clang 2.2.4 112.74 NOTE
r-devel-linux-x86_64-fedora-gcc 2.2.4 106.69 NOTE
r-devel-windows-x86_64 2.2.4 9.00 88.00 97.00 NOTE
r-patched-linux-x86_64 2.2.4 13.10 78.89 91.99 NOTE
r-release-linux-x86_64 2.2.4 5.93 77.97 83.90 NOTE
r-release-macos-arm64 2.2.4 36.00 NOTE
r-release-macos-x86_64 2.2.4 50.00 NOTE
r-release-windows-x86_64 2.2.4 10.00 95.00 105.00 NOTE
r-oldrel-macos-arm64 2.2.4 32.00 OK
r-oldrel-macos-x86_64 2.2.4 52.00 OK
r-oldrel-windows-x86_64 2.2.4 13.00 101.00 114.00 OK

Check Details

Version: 2.2.4
Check: Rd files
Result: NOTE checkRd: (-1) get_my_currently_playing.Rd:15: Lost braces 15 | href{https://developer.spotify.com/documentation/general/guides/track-relinking-guide/}{Track Relinking}} | ^ checkRd: (-1) get_my_currently_playing.Rd:15: Lost braces 15 | href{https://developer.spotify.com/documentation/general/guides/track-relinking-guide/}{Track Relinking}} | ^ Flavors: r-devel-linux-x86_64-debian-clang, r-devel-linux-x86_64-fedora-clang, r-devel-linux-x86_64-fedora-gcc, r-devel-windows-x86_64, r-patched-linux-x86_64, r-release-linux-x86_64, r-release-macos-arm64, r-release-macos-x86_64, r-release-windows-x86_64

Version: 2.2.4
Check: package dependencies
Result: ERROR Packages required but not available: 'dplyr', 'purrr', 'lubridate', 'readr', 'rvest', 'stringr', 'tibble', 'janitor' Packages suggested but not available for checking: 'ggridges', 'testthat' See section ‘The DESCRIPTION file’ in the ‘Writing R Extensions’ manual. Flavor: r-devel-linux-x86_64-debian-gcc