CRAN Package Check Results for Package spork

Last updated on 2021-06-20 07:50:26 CEST.

Flavor Version Tinstall Tcheck Ttotal Status Flags
r-devel-linux-x86_64-debian-clang 0.2.1 4.86 60.19 65.05 OK
r-devel-linux-x86_64-debian-gcc 0.2.1 4.49 44.74 49.23 OK
r-devel-linux-x86_64-fedora-clang 0.2.1 86.97 OK
r-devel-linux-x86_64-fedora-gcc 0.2.1 79.35 OK
r-devel-windows-x86_64 0.2.1 10.00 86.00 96.00 OK
r-devel-windows-x86_64-gcc10-UCRT 0.2.1 OK
r-patched-linux-x86_64 0.2.1 7.38 55.82 63.20 OK
r-patched-solaris-x86 0.2.1 104.90 OK
r-release-linux-x86_64 0.2.1 5.19 56.28 61.47 OK
r-release-macos-arm64 0.2.1 OK
r-release-macos-x86_64 0.2.1 OK
r-release-windows-ix86+x86_64 0.1.8 14.00 81.00 95.00 NOTE
r-oldrel-macos-x86_64 0.2.1 OK
r-oldrel-windows-ix86+x86_64 0.2.1 14.00 71.00 85.00 OK

Check Details

Version: 0.1.8
Check: LazyData
Result: NOTE
     'LazyData' is specified without a 'data' directory
Flavor: r-release-windows-ix86+x86_64