CRAN Package Check Results for Package splitstackshape

Last updated on 2021-02-28 11:52:06 CET.

Flavor Version Tinstall Tcheck Ttotal Status Flags
r-devel-linux-x86_64-debian-clang 1.4.8 2.93 38.32 41.25 OK
r-devel-linux-x86_64-debian-gcc 1.4.8 2.25 28.57 30.82 OK
r-devel-linux-x86_64-fedora-clang 1.4.8 58.85 NOTE
r-devel-linux-x86_64-fedora-gcc 1.4.8 47.48 OK
r-devel-windows-ix86+x86_64 1.4.8 7.00 41.00 48.00 OK
r-patched-linux-x86_64 1.4.8 3.48 35.95 39.43 OK
r-patched-solaris-x86 1.4.8 71.50 OK
r-release-linux-x86_64 1.4.8 3.21 35.33 38.54 OK
r-release-macos-x86_64 1.4.8 OK
r-release-windows-ix86+x86_64 1.4.8 9.00 0.00 9.00 ERROR
r-oldrel-macos-x86_64 1.4.8 OK
r-oldrel-windows-ix86+x86_64 1.4.8 4.00 60.00 64.00 OK

Check Details

Version: 1.4.8
Check: Rd cross-references
Result: NOTE
    Undeclared packages ‘reshape2’, ‘sampling’, ‘dplyr’ in Rd xrefs
Flavor: r-devel-linux-x86_64-fedora-clang

Version: 1.4.8
Check: whether package can be installed
Result: ERROR
    Installation failed.
    See * DONE
Flavor: r-release-windows-ix86+x86_64