CRAN Package Check Results for Package sphunif

Last updated on 2022-01-22 19:50:34 CET.

Flavor Version Tinstall Tcheck Ttotal Status Flags
r-devel-linux-x86_64-debian-clang 1.0.1 183.73 155.08 338.81 OK
r-devel-linux-x86_64-debian-gcc 1.0.1 148.66 115.44 264.10 OK
r-devel-linux-x86_64-fedora-clang 1.0.1 502.04 NOTE
r-devel-linux-x86_64-fedora-gcc 1.0.1 461.57 NOTE
r-devel-windows-x86_64-new-UL 1.0.1 202.00 303.00 505.00 OK
r-devel-windows-x86_64-new-TK 1.0.1 NOTE
r-patched-linux-x86_64 1.0.1 178.39 152.37 330.76 OK
r-release-linux-x86_64 1.0.1 169.32 152.99 322.31 OK
r-release-macos-arm64 1.0.1 NOTE
r-release-macos-x86_64 1.0.1 NOTE
r-release-windows-ix86+x86_64 1.0.1 458.00 479.00 937.00 OK
r-oldrel-macos-x86_64 1.0.1 NOTE
r-oldrel-windows-ix86+x86_64 1.0.1 464.00 481.00 945.00 OK

Check Details

Version: 1.0.1
Check: installed package size
Result: NOTE
     installed size is 16.1Mb
     sub-directories of 1Mb or more:
     libs 15.2Mb
Flavors: r-devel-linux-x86_64-fedora-clang, r-release-macos-arm64, r-release-macos-x86_64, r-oldrel-macos-x86_64

Version: 1.0.1
Check: data for non-ASCII characters
Result: NOTE
     Note: found 189 marked UTF-8 strings
Flavors: r-devel-linux-x86_64-fedora-clang, r-devel-linux-x86_64-fedora-gcc, r-devel-windows-x86_64-new-TK, r-release-macos-arm64, r-release-macos-x86_64, r-oldrel-macos-x86_64