CRAN Package Check Results for Package spemd

Last updated on 2021-06-19 23:49:36 CEST.

Flavor Version Tinstall Tcheck Ttotal Status Flags
r-devel-linux-x86_64-debian-clang 0.1-1 15.30 143.20 158.50 NOTE
r-devel-linux-x86_64-debian-gcc 0.1-1 10.42 107.45 117.87 NOTE
r-devel-linux-x86_64-fedora-clang 0.1-1 202.66 NOTE
r-devel-linux-x86_64-fedora-gcc 0.1-1 195.80 NOTE
r-devel-windows-x86_64 0.1-1 22.00 156.00 178.00 NOTE
r-devel-windows-x86_64-gcc10-UCRT 0.1-1 ERROR
r-patched-linux-x86_64 0.1-1 14.23 133.54 147.77 NOTE
r-patched-solaris-x86 0.1-1 269.80 NOTE
r-release-linux-x86_64 0.1-1 14.99 135.58 150.57 NOTE
r-release-macos-arm64 0.1-1 NOTE
r-release-macos-x86_64 0.1-1 NOTE
r-release-windows-ix86+x86_64 0.1-1 37.00 154.00 191.00 NOTE
r-oldrel-macos-x86_64 0.1-1 OK
r-oldrel-windows-ix86+x86_64 0.1-1 28.00 164.00 192.00 OK

Check Details

Version: 0.1-1
Check: LazyData
Result: NOTE
     'LazyData' is specified without a 'data' directory
Flavors: r-devel-linux-x86_64-debian-clang, r-devel-linux-x86_64-debian-gcc, r-devel-linux-x86_64-fedora-clang, r-devel-linux-x86_64-fedora-gcc, r-devel-windows-x86_64, r-patched-linux-x86_64, r-patched-solaris-x86, r-release-linux-x86_64, r-release-macos-arm64, r-release-macos-x86_64, r-release-windows-ix86+x86_64

Version: 0.1-1
Check: for non-standard things in the check directory
Result: NOTE
    Found the following files/directories:
     '.neig'
Flavors: r-devel-linux-x86_64-debian-clang, r-devel-linux-x86_64-debian-gcc, r-devel-linux-x86_64-fedora-clang, r-devel-linux-x86_64-fedora-gcc, r-patched-linux-x86_64, r-patched-solaris-x86, r-release-linux-x86_64

Version: 0.1-1
Check: package dependencies
Result: ERROR
    Package required but not available: 'spdep'
    
    See section 'The DESCRIPTION file' in the 'Writing R Extensions'
    manual.
Flavor: r-devel-windows-x86_64-gcc10-UCRT