CRAN Package Check Results for Package spectre

Last updated on 2021-12-04 15:51:30 CET.

Flavor Version Tinstall Tcheck Ttotal Status Flags
r-devel-linux-x86_64-debian-clang 1.0.2 50.58 43.69 94.27 OK
r-devel-linux-x86_64-debian-gcc 1.0.2 44.66 34.36 79.02 OK
r-devel-linux-x86_64-fedora-clang 1.0.2 137.80 NOTE
r-devel-linux-x86_64-fedora-gcc 1.0.2 124.93 OK
r-devel-windows-x86_64-new-UL 1.0.2 70.00 111.00 181.00 OK
r-devel-windows-x86_64-new-TK 1.0.2 OK
r-devel-windows-x86_64-old 1.0.2 63.00 55.00 118.00 OK
r-patched-linux-x86_64 1.0.2 50.25 36.11 86.36 OK
r-release-linux-x86_64 1.0.2 49.16 35.82 84.98 OK
r-release-macos-arm64 1.0.2 NOTE
r-release-macos-x86_64 1.0.2 NOTE
r-release-windows-ix86+x86_64 1.0.2 123.00 85.00 208.00 OK
r-oldrel-macos-x86_64 1.0.2 NOTE
r-oldrel-windows-ix86+x86_64 1.0.2 126.00 87.00 213.00 OK

Check Details

Version: 1.0.2
Check: installed package size
Result: NOTE
     installed size is 5.9Mb
     sub-directories of 1Mb or more:
     libs 5.6Mb
Flavors: r-devel-linux-x86_64-fedora-clang, r-release-macos-arm64, r-release-macos-x86_64, r-oldrel-macos-x86_64