Last updated on 2023-01-29 03:55:27 CET.
Flavor | Version | Tinstall | Tcheck | Ttotal | Status | Flags |
---|---|---|---|---|---|---|
r-devel-linux-x86_64-debian-clang | 0.1.2 | 14.78 | 154.45 | 169.23 | OK | |
r-devel-linux-x86_64-debian-gcc | 0.1.2 | 13.29 | 112.79 | 126.08 | OK | |
r-devel-linux-x86_64-fedora-clang | 0.1.2 | 206.63 | OK | |||
r-devel-linux-x86_64-fedora-gcc | 0.1.2 | 198.23 | OK | |||
r-patched-linux-x86_64 | 0.1.2 | 12.06 | 146.50 | 158.56 | OK | |
r-release-linux-x86_64 | 0.1.2 | 11.92 | 147.41 | 159.33 | OK | |
r-release-macos-arm64 | 0.1.2 | 64.00 | OK | |||
r-release-macos-x86_64 | 0.1.2 | 82.00 | OK | |||
r-release-windows-x86_64 | 0.1.2 | 29.00 | 200.00 | 229.00 | OK | |
r-oldrel-macos-arm64 | 0.1.2 | 62.00 | WARN | |||
r-oldrel-macos-x86_64 | 0.1.2 | 88.00 | WARN | |||
r-oldrel-windows-ix86+x86_64 | 0.1.2 | 59.00 | 244.00 | 303.00 | OK |
Version: 0.1.2
Check: for executable files
Result: WARN
Found the following executable files:
inst/extdata/SouthernBuh-habitats_shapefile.dbf
inst/extdata/test_shapefile.dbf
Source packages should not contain undeclared executable files.
See section ‘Package structure’ in the ‘Writing R Extensions’ manual.
Flavors: r-oldrel-macos-arm64, r-oldrel-macos-x86_64