CRAN Package Check Results for Package spatialrisk

Last updated on 2021-03-01 03:53:29 CET.

Flavor Version Tinstall Tcheck Ttotal Status Flags
r-devel-linux-x86_64-debian-clang 0.6.7 OK
r-devel-linux-x86_64-debian-gcc 0.6.7 34.90 160.04 194.94 OK
r-devel-linux-x86_64-fedora-clang 0.6.7 311.70 NOTE
r-devel-linux-x86_64-fedora-gcc 0.6.7 302.78 NOTE
r-devel-windows-ix86+x86_64 0.6.7 78.00 260.00 338.00 NOTE
r-patched-linux-x86_64 0.6.7 26.90 199.46 226.36 OK
r-patched-solaris-x86 0.6.7 409.80 NOTE
r-release-linux-x86_64 0.6.7 27.68 196.04 223.72 OK
r-release-macos-x86_64 0.6.7 NOTE
r-release-windows-ix86+x86_64 0.6.7 103.00 355.00 458.00 NOTE
r-oldrel-macos-x86_64 0.6.7 NOTE
r-oldrel-windows-ix86+x86_64 0.6.7 63.00 342.00 405.00 NOTE

Check Details

Version: 0.6.7
Check: installed package size
Result: NOTE
     installed size is 6.0Mb
     sub-directories of 1Mb or more:
     data 4.0Mb
     libs 1.2Mb
Flavors: r-devel-linux-x86_64-fedora-clang, r-devel-windows-ix86+x86_64, r-patched-solaris-x86, r-release-macos-x86_64, r-release-windows-ix86+x86_64, r-oldrel-macos-x86_64, r-oldrel-windows-ix86+x86_64

Version: 0.6.7
Check: dependencies in R code
Result: NOTE
    Namespace in Imports field not imported from: ‘sp’
     All declared Imports should be used.
Flavors: r-devel-linux-x86_64-fedora-clang, r-devel-linux-x86_64-fedora-gcc, r-patched-solaris-x86, r-release-macos-x86_64, r-oldrel-macos-x86_64

Version: 0.6.7
Check: data for non-ASCII characters
Result: NOTE
     Note: found 25 marked Latin-1 strings
     Note: found 335 marked UTF-8 strings
Flavors: r-devel-linux-x86_64-fedora-clang, r-devel-linux-x86_64-fedora-gcc, r-patched-solaris-x86, r-release-macos-x86_64, r-oldrel-macos-x86_64