CRAN Package Check Results for Package sparsesvd

Last updated on 2022-01-27 04:05:37 CET.

Flavor Version Tinstall Tcheck Ttotal Status Flags
r-devel-linux-x86_64-debian-clang 0.2 7.91 91.09 99.00 NOTE
r-devel-linux-x86_64-debian-gcc 0.2 7.16 72.14 79.30 NOTE
r-devel-linux-x86_64-fedora-clang 0.2 116.38 NOTE
r-devel-linux-x86_64-fedora-gcc 0.2 111.39 NOTE
r-devel-windows-x86_64-new-UL 0.2 31.00 110.00 141.00 NOTE
r-devel-windows-x86_64-new-TK 0.2 NOTE
r-patched-linux-x86_64 0.2 7.94 85.22 93.16 NOTE
r-release-linux-x86_64 0.2 7.03 85.51 92.54 NOTE
r-release-macos-arm64 0.2 NOTE
r-release-macos-x86_64 0.2 NOTE
r-release-windows-ix86+x86_64 0.2 24.00 151.00 175.00 NOTE
r-oldrel-macos-x86_64 0.2 OK
r-oldrel-windows-ix86+x86_64 0.2 24.00 147.00 171.00 OK

Check Details

Version: 0.2
Check: LazyData
Result: NOTE
     'LazyData' is specified without a 'data' directory
Flavors: r-devel-linux-x86_64-debian-clang, r-devel-linux-x86_64-debian-gcc, r-devel-linux-x86_64-fedora-clang, r-devel-linux-x86_64-fedora-gcc, r-devel-windows-x86_64-new-UL, r-devel-windows-x86_64-new-TK, r-patched-linux-x86_64, r-release-linux-x86_64, r-release-macos-arm64, r-release-macos-x86_64, r-release-windows-ix86+x86_64