CRAN Package Check Results for Package sparklyr

Last updated on 2021-06-17 07:49:20 CEST.

Flavor Version Tinstall Tcheck Ttotal Status Flags
r-devel-linux-x86_64-debian-clang 1.7.0 36.68 178.40 215.08 OK
r-devel-linux-x86_64-debian-gcc 1.7.0 31.05 130.10 161.15 OK
r-devel-linux-x86_64-fedora-clang 1.7.0 269.48 NOTE
r-devel-linux-x86_64-fedora-gcc 1.7.0 244.75 NOTE
r-devel-windows-x86_64 1.7.0 54.00 200.00 254.00 NOTE
r-devel-windows-x86_64-gcc10-UCRT 1.7.0 NOTE
r-patched-linux-x86_64 1.7.0 29.87 172.75 202.62 OK
r-patched-solaris-x86 1.7.0 276.90 NOTE
r-release-linux-x86_64 1.7.0 24.57 165.68 190.25 OK
r-release-macos-arm64 1.6.2 NOTE
r-release-macos-x86_64 1.7.0 NOTE
r-release-windows-ix86+x86_64 1.7.0 59.00 176.00 235.00 NOTE
r-oldrel-macos-x86_64 1.7.0 NOTE
r-oldrel-windows-ix86+x86_64 1.7.0 55.00 169.00 224.00 NOTE

Check Details

Version: 1.7.0
Check: package dependencies
Result: NOTE
    Imports includes 31 non-default packages.
    Importing from so many packages makes the package vulnerable to any of
    them becoming unavailable. Move as many as possible to Suggests and
    use conditionally.
Flavor: r-devel-linux-x86_64-fedora-clang

Version: 1.7.0
Check: installed package size
Result: NOTE
     installed size is 6.2Mb
     sub-directories of 1Mb or more:
     R 1.5Mb
     java 3.3Mb
Flavors: r-devel-linux-x86_64-fedora-clang, r-devel-windows-x86_64, r-patched-solaris-x86, r-release-macos-x86_64, r-release-windows-ix86+x86_64, r-oldrel-macos-x86_64, r-oldrel-windows-ix86+x86_64

Version: 1.7.0
Check: dependencies in R code
Result: NOTE
    Namespace in Imports field not imported from: ‘lifecycle’
     All declared Imports should be used.
Flavors: r-devel-linux-x86_64-fedora-clang, r-devel-linux-x86_64-fedora-gcc, r-devel-windows-x86_64-gcc10-UCRT, r-patched-solaris-x86, r-release-macos-x86_64, r-oldrel-macos-x86_64

Version: 1.7.0
Check: package dependencies
Result: NOTE
    Package suggested but not available for checking: 'arrow'
Flavor: r-devel-windows-x86_64-gcc10-UCRT

Version: 1.6.2
Check: installed package size
Result: NOTE
     installed size is 6.2Mb
     sub-directories of 1Mb or more:
     R 2.1Mb
     java 3.0Mb
Flavor: r-release-macos-arm64

Version: 1.6.2
Check: dependencies in R code
Result: NOTE
    Namespace in Imports field not imported from: ‘lifecycle’
     All declared Imports should be used.
Flavor: r-release-macos-arm64