CRAN Package Check Results for Package spam

Last updated on 2021-04-16 23:48:20 CEST.

Flavor Version Tinstall Tcheck Ttotal Status Flags
r-devel-linux-x86_64-debian-clang 2.6-0 29.24 153.21 182.45 OK
r-devel-linux-x86_64-debian-gcc 2.6-0 24.36 115.04 139.40 OK
r-devel-linux-x86_64-fedora-clang 2.6-0 232.17 NOTE
r-devel-linux-x86_64-fedora-gcc 2.6-0 221.59 OK
r-devel-windows-ix86+x86_64 2.6-0 70.00 218.00 288.00 OK
r-devel-windows-x86_64-gcc10-UCRT 2.6-0 OK
r-patched-linux-x86_64 2.6-0 27.51 143.55 171.06 OK
r-patched-solaris-x86 2.6-0 309.80 OK
r-release-linux-x86_64 2.6-0 27.72 144.58 172.30 OK
r-release-macos-x86_64 2.6-0 OK
r-release-windows-ix86+x86_64 2.6-0 60.00 272.00 332.00 OK
r-oldrel-macos-x86_64 2.6-0 OK
r-oldrel-windows-ix86+x86_64 2.6-0 49.00 245.00 294.00 OK

Check Details

Version: 2.6-0
Check: Rd cross-references
Result: NOTE
    Undeclared packages ‘maps’, ‘magic’, ‘SparseM’ in Rd xrefs
Flavor: r-devel-linux-x86_64-fedora-clang