CRAN Package Check Results for Package spacyr

Last updated on 2021-03-01 03:53:29 CET.

Flavor Version Tinstall Tcheck Ttotal Status Flags
r-devel-linux-x86_64-debian-clang 1.2.1 OK
r-devel-linux-x86_64-debian-gcc 1.2.1 9.14 62.71 71.85 OK
r-devel-linux-x86_64-fedora-clang 1.2.1 118.79 NOTE
r-devel-linux-x86_64-fedora-gcc 1.2.1 106.09 NOTE
r-devel-windows-ix86+x86_64 1.2.1 16.00 74.00 90.00 OK
r-patched-linux-x86_64 1.2.1 10.11 75.84 85.95 OK
r-patched-solaris-x86 1.2.1 163.60 NOTE
r-release-linux-x86_64 1.2.1 9.66 74.03 83.69 OK
r-release-macos-x86_64 1.2.1 NOTE
r-release-windows-ix86+x86_64 1.2.1 27.00 101.00 128.00 OK
r-oldrel-macos-x86_64 1.2.1 NOTE
r-oldrel-windows-ix86+x86_64 1.2.1 11.00 66.00 77.00 OK

Check Details

Version: 1.2.1
Check: data for non-ASCII characters
Result: NOTE
     Note: found 1 marked UTF-8 string
Flavors: r-devel-linux-x86_64-fedora-clang, r-devel-linux-x86_64-fedora-gcc, r-patched-solaris-x86, r-release-macos-x86_64, r-oldrel-macos-x86_64