Last updated on 2021-03-06 23:48:42 CET.
Flavor | Version | Tinstall | Tcheck | Ttotal | Status | Flags |
---|---|---|---|---|---|---|
r-devel-linux-x86_64-debian-clang | 3.7.2 | 201.48 | 268.68 | 470.16 | OK | |
r-devel-linux-x86_64-debian-gcc | 3.7.2 | 158.58 | 203.54 | 362.12 | OK | |
r-devel-linux-x86_64-fedora-clang | 3.7.2 | 637.37 | NOTE | |||
r-devel-linux-x86_64-fedora-gcc | 3.7.2 | 627.67 | OK | |||
r-devel-windows-ix86+x86_64 | 3.7.2 | 396.00 | 328.00 | 724.00 | NOTE | |
r-patched-linux-x86_64 | 3.7.2 | 182.28 | 251.28 | 433.56 | OK | |
r-patched-solaris-x86 | 3.7.2 | 575.30 | OK | |||
r-release-linux-x86_64 | 3.7.2 | 183.11 | 246.90 | 430.01 | OK | |
r-release-macos-x86_64 | 3.7.2 | NOTE | ||||
r-release-windows-ix86+x86_64 | 3.7.2 | 374.00 | 354.00 | 728.00 | NOTE | |
r-oldrel-macos-x86_64 | 3.7.2 | NOTE | ||||
r-oldrel-windows-ix86+x86_64 | 3.7.2 | 251.00 | 243.00 | 494.00 | NOTE |
Version: 3.7.2
Check: installed package size
Result: NOTE
installed size is 38.8Mb
sub-directories of 1Mb or more:
R 1.9Mb
libs 36.0Mb
Flavors: r-devel-linux-x86_64-fedora-clang, r-devel-windows-ix86+x86_64, r-release-macos-x86_64, r-release-windows-ix86+x86_64, r-oldrel-macos-x86_64, r-oldrel-windows-ix86+x86_64