CRAN Package Check Results for Package sourcetools

Last updated on 2022-01-27 04:05:37 CET.

Flavor Version Tinstall Tcheck Ttotal Status Flags
r-devel-linux-x86_64-debian-clang 0.1.7 4.35 31.57 35.92 NOTE
r-devel-linux-x86_64-debian-gcc 0.1.7 4.10 25.28 29.38 NOTE
r-devel-linux-x86_64-fedora-clang 0.1.7 49.64 NOTE
r-devel-linux-x86_64-fedora-gcc 0.1.7 36.86 NOTE
r-devel-windows-x86_64-new-UL 0.1.7 346.00 70.00 416.00 NOTE
r-devel-windows-x86_64-new-TK 0.1.7 NOTE
r-patched-linux-x86_64 0.1.7 3.79 30.61 34.40 NOTE
r-release-linux-x86_64 0.1.7 3.91 30.00 33.91 NOTE
r-release-macos-arm64 0.1.7 NOTE
r-release-macos-x86_64 0.1.7 NOTE
r-release-windows-ix86+x86_64 0.1.7 26.00 56.00 82.00 NOTE
r-oldrel-macos-x86_64 0.1.7 OK
r-oldrel-windows-ix86+x86_64 0.1.7 25.00 54.00 79.00 OK

Check Details

Version: 0.1.7
Check: LazyData
Result: NOTE
     'LazyData' is specified without a 'data' directory
Flavors: r-devel-linux-x86_64-debian-clang, r-devel-linux-x86_64-debian-gcc, r-devel-linux-x86_64-fedora-clang, r-devel-linux-x86_64-fedora-gcc, r-devel-windows-x86_64-new-UL, r-devel-windows-x86_64-new-TK, r-patched-linux-x86_64, r-release-linux-x86_64, r-release-macos-arm64, r-release-macos-x86_64, r-release-windows-ix86+x86_64