CRAN Package Check Results for Package soilphysics

Last updated on 2021-05-07 11:49:45 CEST.

Flavor Version Tinstall Tcheck Ttotal Status Flags
r-devel-linux-x86_64-debian-clang 4.0 19.37 122.52 141.89 OK
r-devel-linux-x86_64-debian-gcc 4.0 15.13 89.20 104.33 OK
r-devel-linux-x86_64-fedora-clang 4.0 177.84 OK
r-devel-linux-x86_64-fedora-gcc 4.0 172.15 OK
r-devel-windows-ix86+x86_64 4.0 43.00 189.00 232.00 OK
r-devel-windows-x86_64-gcc10-UCRT 4.0 OK
r-patched-linux-x86_64 4.0 20.21 115.55 135.76 OK
r-patched-solaris-x86 4.0 232.70 OK
r-release-linux-x86_64 4.0 16.39 111.41 127.80 OK
r-release-macos-x86_64 4.0 ERROR
r-release-windows-ix86+x86_64 4.0 31.00 156.00 187.00 OK
r-oldrel-macos-x86_64 4.0 ERROR
r-oldrel-windows-ix86+x86_64 4.0 36.00 175.00 211.00 OK

Check Details

Version: 4.0
Check: package dependencies
Result: NOTE
    Package suggested but not available for checking: ‘rpanel’
Flavors: r-release-macos-x86_64, r-oldrel-macos-x86_64

Version: 4.0
Check: examples
Result: ERROR
    Running examples in ‘soilphysics-Ex.R’ failed
    The error most likely occurred in:
    
    > ### Name: fitsoilwater
    > ### Title: Interactive Estimation of van Genuchten's (1980) Model
    > ### Parameters
    > ### Aliases: fitsoilwater
    >
    > ### ** Examples
    >
    > # Liu et al. (2011)
    > h <- c(0.001, 50.65, 293.77, 790.14, 992.74, 5065, 10130, 15195)
    > w <- c(0.5650, 0.4013, 0.2502, 0.2324, 0.2307, 0.1926, 0.1812, 0.1730)
    > fitsoilwater(w, h)
    Error in fitsoilwater(w, h) : package rpanel is required
    Execution halted
Flavors: r-release-macos-x86_64, r-oldrel-macos-x86_64

Version: 4.0
Check: re-building of vignette outputs
Result: WARN
    Error(s) in re-building vignettes:
     ...
    --- re-building ‘vignette.Rmd’ using rmarkdown
    Warning in engine$weave(file, quiet = quiet, encoding = enc) :
     Pandoc (>= 1.12.3) not available. Falling back to R Markdown v1.
    Quitting from lines 136-139 (vignette.Rmd)
    Error: processing vignette 'vignette.Rmd' failed with diagnostics:
    package rpanel is required
    --- failed re-building ‘vignette.Rmd’
    
    SUMMARY: processing the following file failed:
     ‘vignette.Rmd’
    
    Error: Vignette re-building failed.
    Execution halted
Flavor: r-release-macos-x86_64

Version: 4.0
Check: dependencies in R code
Result: NOTE
    No protocol specified
    No protocol specified
Flavor: r-oldrel-macos-x86_64

Version: 4.0
Check: S3 generic/method consistency
Result: WARN
    No protocol specified
    No protocol specified
    See section ‘Generic functions and methods’ in the ‘Writing R
    Extensions’ manual.
Flavor: r-oldrel-macos-x86_64

Version: 4.0
Check: replacement functions
Result: WARN
    No protocol specified
    No protocol specified
    The argument of a replacement function which corresponds to the right
    hand side must be named ‘value’.
Flavor: r-oldrel-macos-x86_64

Version: 4.0
Check: foreign function calls
Result: NOTE
    No protocol specified
    No protocol specified
    See chapter ‘System and foreign language interfaces’ in the ‘Writing R
    Extensions’ manual.
Flavor: r-oldrel-macos-x86_64

Version: 4.0
Check: R code for possible problems
Result: NOTE
    No protocol specified
    No protocol specified
Flavor: r-oldrel-macos-x86_64

Version: 4.0
Check: for missing documentation entries
Result: WARN
    No protocol specified
    No protocol specified
    All user-level objects in a package should have documentation entries.
    See chapter ‘Writing R documentation files’ in the ‘Writing R
    Extensions’ manual.
Flavor: r-oldrel-macos-x86_64

Version: 4.0
Check: for code/documentation mismatches
Result: WARN
    No protocol specified
    No protocol specified
    No protocol specified
    No protocol specified
    No protocol specified
    No protocol specified
Flavor: r-oldrel-macos-x86_64

Version: 4.0
Check: Rd \usage sections
Result: NOTE
    No protocol specified
    No protocol specified
    The \usage entries for S3 methods should use the \method markup and not
    their full name.
    See chapter ‘Writing R documentation files’ in the ‘Writing R
    Extensions’ manual.
Flavor: r-oldrel-macos-x86_64

Version: 4.0
Check: re-building of vignette outputs
Result: WARN
    Error(s) in re-building vignettes:
     ...
    --- re-building ‘vignette.Rmd’ using rmarkdown
    Warning in engine$weave(file, quiet = quiet, encoding = enc) :
     Pandoc (>= 1.12.3) not available. Falling back to R Markdown v1.
    No protocol specified
    No protocol specified
    Warning in fun(libname, pkgname) : couldn't connect to display ":0"
    Quitting from lines 136-139 (vignette.Rmd)
    Error: processing vignette 'vignette.Rmd' failed with diagnostics:
    package rpanel is required
    --- failed re-building ‘vignette.Rmd’
    
    SUMMARY: processing the following file failed:
     ‘vignette.Rmd’
    
    Error: Vignette re-building failed.
    Execution halted
Flavor: r-oldrel-macos-x86_64