CRAN Package Check Results for Package soilDB

Last updated on 2021-12-08 19:51:50 CET.

Flavor Version Tinstall Tcheck Ttotal Status Flags
r-devel-linux-x86_64-debian-clang 2.6.9 30.31 310.02 340.33 OK
r-devel-linux-x86_64-debian-gcc 2.6.9 26.86 235.57 262.43 OK
r-devel-linux-x86_64-fedora-clang 2.6.9 349.02 OK
r-devel-linux-x86_64-fedora-gcc 2.6.9 312.74 OK
r-devel-windows-x86_64-new-UL 2.6.9 58.00 324.00 382.00 OK
r-devel-windows-x86_64-new-TK 2.6.9 OK
r-devel-windows-x86_64-old 2.6.9 47.00 243.00 290.00 OK
r-patched-linux-x86_64 2.6.9 33.16 292.88 326.04 OK
r-release-linux-x86_64 2.6.9 28.72 292.36 321.08 OK
r-release-macos-arm64 2.6.9 ERROR
r-release-macos-x86_64 2.6.9 OK
r-release-windows-ix86+x86_64 2.6.9 70.00 315.00 385.00 OK
r-oldrel-macos-x86_64 2.6.9 OK
r-oldrel-windows-ix86+x86_64 2.6.9 8.00 7.00 15.00 ERROR

Check Details

Version: 2.6.9
Check: tests
Result: ERROR
     Running ‘testthat.R’ [7s/8s]
    Running the tests in ‘tests/testthat.R’ failed.
    Last 13 lines of output:
    
     ══ Failed tests ════════════════════════════════════════════════════════════════
     ── Failure (test-fetchHenry.R:207:3): .formatDates() works as expected ─────────
     res$water_day not equal to c(140L, 93L).
     2/2 mismatches (average diff: 1)
     [1] 139 - 140 == -1
     [2] 92 - 93 == -1
     ── Failure (test-waterDayYear.R:57:3): works as expected ───────────────────────
     res$wd not equal to 66L.
     1/1 mismatches
     [1] 65 - 66 == -1
    
     [ FAIL 2 | WARN 0 | SKIP 72 | PASS 194 ]
     Error: Test failures
     Execution halted
Flavor: r-release-macos-arm64

Version: 2.6.9
Check: whether package can be installed
Result: ERROR
    Installation failed.
Flavor: r-oldrel-windows-ix86+x86_64