CRAN Package Check Results for Package sofa

Last updated on 2021-06-22 15:52:04 CEST.

Flavor Version Tinstall Tcheck Ttotal Status Flags
r-devel-linux-x86_64-debian-clang 0.4.0 5.07 38.90 43.97 OK
r-devel-linux-x86_64-debian-gcc 0.4.0 3.76 30.42 34.18 OK
r-devel-linux-x86_64-fedora-clang 0.4.0 61.27 OK
r-devel-linux-x86_64-fedora-gcc 0.4.0 53.42 OK
r-devel-windows-x86_64 0.4.0 8.00 64.00 72.00 OK
r-devel-windows-x86_64-gcc10-UCRT 0.4.0 ERROR
r-patched-linux-x86_64 0.4.0 5.59 37.79 43.38 OK
r-patched-solaris-x86 0.4.0 77.50 OK
r-release-linux-x86_64 0.4.0 4.69 37.89 42.58 OK
r-release-macos-arm64 0.4.0 OK
r-release-macos-x86_64 0.4.0 OK
r-release-windows-ix86+x86_64 0.4.0 8.00 56.00 64.00 OK
r-oldrel-macos-x86_64 0.4.0 OK

Check Details

Version: 0.4.0
Check: package dependencies
Result: ERROR
    Package required but not available: 'crul'
    
    See section 'The DESCRIPTION file' in the 'Writing R Extensions'
    manual.
Flavor: r-devel-windows-x86_64-gcc10-UCRT