CRAN Package Check Results for Package snpReady

Last updated on 2024-05-21 11:53:50 CEST.

Flavor Version Tinstall Tcheck Ttotal Status Flags
r-devel-linux-x86_64-debian-clang 0.9.6 9.62 93.16 102.78 NOTE
r-devel-linux-x86_64-debian-gcc 0.9.6 8.21 71.16 79.37 NOTE
r-devel-linux-x86_64-fedora-clang 0.9.6 128.17 NOTE
r-devel-linux-x86_64-fedora-gcc 0.9.6 138.33 NOTE
r-devel-windows-x86_64 0.9.6 9.00 86.00 95.00 NOTE
r-patched-linux-x86_64 0.9.6 10.70 91.17 101.87 NOTE
r-release-linux-x86_64 0.9.6 8.71 90.39 99.10 NOTE
r-release-macos-arm64 0.9.6 44.00 NOTE
r-release-macos-x86_64 0.9.6 79.00 OK
r-release-windows-x86_64 0.9.6 10.00 97.00 107.00 NOTE
r-oldrel-macos-arm64 0.9.6 46.00 OK
r-oldrel-macos-x86_64 0.9.6 74.00 OK
r-oldrel-windows-x86_64 0.9.6 12.00 98.00 110.00 OK

Check Details

Version: 0.9.6
Check: Rd files
Result: NOTE checkRd: (-1) maize.line.Rd:9: Lost braces in \itemize; meant \describe ? checkRd: (-1) maize.line.Rd:10: Lost braces in \itemize; meant \describe ? checkRd: (-1) maize.line.Rd:11: Lost braces in \itemize; meant \describe ? checkRd: (-1) maize.line.Rd:12: Lost braces in \itemize; meant \describe ? checkRd: (-1) raw.data.Rd:26: Lost braces; missing escapes or markup? 26 | \item{call.rate}{\code{numeric}. Threshold for removing marker by missing genotype rate. SNP with \code{call rate} below threshold are removed from dataset. Must be between {0, 1}} | ^ checkRd: (-1) raw.data.Rd:28: Lost braces; missing escapes or markup? 28 | \item{maf}{Threshold for removing SNP by minor allele frequency. Must be between {0, 1}} | ^ Flavors: r-devel-linux-x86_64-debian-clang, r-devel-linux-x86_64-debian-gcc, r-devel-linux-x86_64-fedora-clang, r-devel-linux-x86_64-fedora-gcc, r-devel-windows-x86_64, r-patched-linux-x86_64, r-release-linux-x86_64, r-release-macos-arm64, r-release-windows-x86_64