CRAN Package Check Results for Package snowFT

Last updated on 2021-04-14 23:47:28 CEST.

Flavor Version Tinstall Tcheck Ttotal Status Flags
r-devel-linux-x86_64-debian-clang 1.6-0 2.30 18.29 20.59 OK
r-devel-linux-x86_64-debian-gcc 1.6-0 2.09 16.21 18.30 OK
r-devel-linux-x86_64-fedora-clang 1.6-0 51.84 OK
r-devel-linux-x86_64-fedora-gcc 1.6-0 43.82 OK
r-devel-windows-ix86+x86_64 1.6-0 6.00 47.00 53.00 OK
r-devel-windows-x86_64-gcc10-UCRT 1.6-0 OK
r-patched-linux-x86_64 1.6-0 2.71 18.24 20.95 OK
r-patched-solaris-x86 1.6-0 88.50 OK
r-release-linux-x86_64 1.6-0 2.73 17.97 20.70 OK
r-release-macos-x86_64 1.6-0 NOTE
r-release-windows-ix86+x86_64 1.6-0 7.00 44.00 51.00 OK
r-oldrel-macos-x86_64 1.6-0 NOTE
r-oldrel-windows-ix86+x86_64 1.6-0 17.00 63.00 80.00 OK

Check Details

Version: 1.6-0
Check: package dependencies
Result: NOTE
    Package suggested but not available for checking: ‘Rmpi’
Flavors: r-release-macos-x86_64, r-oldrel-macos-x86_64