CRAN Package Check Results for Package snfa

Last updated on 2021-12-04 19:53:12 CET.

Flavor Version Tinstall Tcheck Ttotal Status Flags
r-devel-linux-x86_64-debian-clang 0.0.1 3.06 51.21 54.27 OK
r-devel-linux-x86_64-debian-gcc 0.0.1 1.53 37.38 38.91 OK
r-devel-linux-x86_64-fedora-clang 0.0.1 65.73 NOTE
r-devel-linux-x86_64-fedora-gcc 0.0.1 55.68 NOTE
r-devel-windows-x86_64-new-UL 0.0.1 8.00 78.00 86.00 OK
r-devel-windows-x86_64-new-TK 0.0.1 NOTE
r-devel-windows-x86_64-old 0.0.1 5.00 48.00 53.00 OK
r-patched-linux-x86_64 0.0.1 2.93 38.47 41.40 OK
r-release-linux-x86_64 0.0.1 2.95 39.20 42.15 OK
r-release-macos-arm64 0.0.1 NOTE
r-release-macos-x86_64 0.0.1 NOTE
r-release-windows-ix86+x86_64 0.0.1 7.00 61.00 68.00 OK
r-oldrel-macos-x86_64 0.0.1 NOTE
r-oldrel-windows-ix86+x86_64 0.0.1 8.00 67.00 75.00 OK

Check Details

Version: 0.0.1
Check: dependencies in R code
Result: NOTE
    Namespaces in Imports field not imported from:
     ‘Rdpack’ ‘ggplot2’
     All declared Imports should be used.
Flavors: r-devel-linux-x86_64-fedora-clang, r-devel-linux-x86_64-fedora-gcc, r-devel-windows-x86_64-new-TK, r-release-macos-arm64, r-release-macos-x86_64, r-oldrel-macos-x86_64