Last updated on 2022-08-08 23:53:08 CEST.
Flavor | Version | Tinstall | Tcheck | Ttotal | Status | Flags |
---|---|---|---|---|---|---|
r-devel-linux-x86_64-debian-clang | 1.0.4.1 | 60.05 | 146.51 | 206.56 | OK | |
r-devel-linux-x86_64-debian-gcc | 1.0.4.1 | 48.10 | 109.78 | 157.88 | OK | |
r-devel-linux-x86_64-fedora-clang | 1.0.4.1 | 270.74 | NOTE | |||
r-devel-linux-x86_64-fedora-gcc | 1.0.4.1 | 255.73 | OK | |||
r-devel-windows-x86_64 | 1.0.4.1 | 71.00 | 203.00 | 274.00 | NOTE | |
r-patched-linux-x86_64 | 1.0.4.1 | 50.48 | 137.09 | 187.57 | OK | |
r-release-linux-x86_64 | 1.0.4.1 | OK | ||||
r-release-macos-arm64 | 1.0.4.1 | 74.00 | NOTE | |||
r-release-macos-x86_64 | 1.0.4.1 | 110.00 | NOTE | |||
r-release-windows-x86_64 | 1.0.4.1 | 76.00 | 191.00 | 267.00 | NOTE | |
r-oldrel-macos-arm64 | 1.0.4.1 | 78.00 | NOTE | |||
r-oldrel-macos-x86_64 | 1.0.4.1 | 106.00 | NOTE | |||
r-oldrel-windows-ix86+x86_64 | 1.0.4.1 | 141.00 | 233.00 | 374.00 | NOTE |
Version: 1.0.4.1
Check: installed package size
Result: NOTE
installed size is 6.9Mb
sub-directories of 1Mb or more:
data 4.6Mb
libs 1.4Mb
Flavors: r-devel-linux-x86_64-fedora-clang, r-devel-windows-x86_64, r-release-macos-arm64, r-release-macos-x86_64, r-release-windows-x86_64, r-oldrel-macos-arm64, r-oldrel-macos-x86_64, r-oldrel-windows-ix86+x86_64