CRAN Package Check Results for Package smd

Last updated on 2021-06-13 11:49:20 CEST.

Flavor Version Tinstall Tcheck Ttotal Status Flags
r-devel-linux-x86_64-debian-clang 0.6.6 2.78 28.14 30.92 NOTE
r-devel-linux-x86_64-debian-gcc 0.6.6 2.08 21.83 23.91 NOTE
r-devel-linux-x86_64-fedora-clang 0.6.6 47.61 NOTE
r-devel-linux-x86_64-fedora-gcc 0.6.6 38.74 NOTE
r-devel-windows-x86_64 0.6.6 5.00 45.00 50.00 NOTE
r-devel-windows-x86_64-gcc10-UCRT 0.6.6 NOTE
r-patched-linux-x86_64 0.6.6 2.62 27.11 29.73 NOTE
r-patched-solaris-x86 0.6.6 57.40 NOTE
r-release-linux-x86_64 0.6.6 2.68 27.30 29.98 NOTE
r-release-macos-arm64 0.6.6 NOTE
r-release-macos-x86_64 0.6.6 NOTE
r-release-windows-ix86+x86_64 0.6.6 6.00 46.00 52.00 NOTE
r-oldrel-macos-x86_64 0.6.6 NOTE
r-oldrel-windows-ix86+x86_64 0.6.6 6.00 44.00 50.00 OK

Check Details

Version: 0.6.6
Check: LazyData
Result: NOTE
     'LazyData' is specified without a 'data' directory
Flavors: r-devel-linux-x86_64-debian-clang, r-devel-linux-x86_64-debian-gcc, r-devel-linux-x86_64-fedora-clang, r-devel-linux-x86_64-fedora-gcc, r-devel-windows-x86_64, r-devel-windows-x86_64-gcc10-UCRT, r-patched-linux-x86_64, r-patched-solaris-x86, r-release-linux-x86_64, r-release-macos-arm64, r-release-macos-x86_64, r-release-windows-ix86+x86_64

Version: 0.6.6
Check: dependencies in R code
Result: NOTE
    Namespace in Imports field not imported from: ‘methods’
     All declared Imports should be used.
Flavors: r-devel-linux-x86_64-fedora-clang, r-devel-linux-x86_64-fedora-gcc, r-devel-windows-x86_64-gcc10-UCRT, r-patched-solaris-x86, r-release-macos-arm64, r-release-macos-x86_64, r-oldrel-macos-x86_64