Last updated on 2021-03-05 23:48:56 CET.
Flavor | Version | Tinstall | Tcheck | Ttotal | Status | Flags |
---|---|---|---|---|---|---|
r-devel-linux-x86_64-debian-clang | 2.2.0 | 5.99 | 58.88 | 64.87 | OK | |
r-devel-linux-x86_64-debian-gcc | 2.2.0 | 4.49 | 45.84 | 50.33 | OK | |
r-devel-linux-x86_64-fedora-clang | 2.2.0 | 86.07 | NOTE | |||
r-devel-linux-x86_64-fedora-gcc | 2.2.0 | 77.42 | NOTE | |||
r-devel-windows-ix86+x86_64 | 2.0.1 | 14.00 | 62.00 | 76.00 | OK | |
r-patched-linux-x86_64 | 2.0.1 | OK | ||||
r-patched-solaris-x86 | 2.2.0 | 96.40 | NOTE | |||
r-release-linux-x86_64 | 2.0.1 | 4.51 | 47.78 | 52.29 | OK | |
r-release-macos-x86_64 | 2.2.0 | NOTE | ||||
r-release-windows-ix86+x86_64 | 2.0.1 | 9.00 | 55.00 | 64.00 | OK | |
r-oldrel-macos-x86_64 | 2.2.0 | NOTE | ||||
r-oldrel-windows-ix86+x86_64 | 1.4.2 | 8.00 | 48.00 | 56.00 | OK |
Version: 2.2.0
Check: dependencies in R code
Result: NOTE
Namespaces in Imports field not imported from:
‘methods’ ‘xtable’
All declared Imports should be used.
Flavors: r-devel-linux-x86_64-fedora-clang, r-devel-linux-x86_64-fedora-gcc, r-patched-solaris-x86, r-release-macos-x86_64, r-oldrel-macos-x86_64