Last updated on 2021-03-01 07:48:42 CET.
Flavor | Version | Tinstall | Tcheck | Ttotal | Status | Flags |
---|---|---|---|---|---|---|
r-devel-linux-x86_64-debian-clang | 1.4.0 | OK | ||||
r-devel-linux-x86_64-debian-gcc | 1.4.0 | 7.16 | 68.97 | 76.13 | OK | |
r-devel-linux-x86_64-fedora-clang | 1.4.0 | 132.13 | NOTE | |||
r-devel-linux-x86_64-fedora-gcc | 1.4.0 | 119.05 | NOTE | |||
r-devel-windows-ix86+x86_64 | 1.4.0 | 15.00 | 97.00 | 112.00 | OK | |
r-patched-linux-x86_64 | 1.4.0 | 8.70 | 87.21 | 95.91 | OK | |
r-patched-solaris-x86 | 1.4.0 | 174.70 | NOTE | |||
r-release-linux-x86_64 | 1.4.0 | 8.28 | 86.40 | 94.68 | OK | |
r-release-macos-x86_64 | 1.4.0 | NOTE | ||||
r-release-windows-ix86+x86_64 | 1.4.0 | 21.00 | 118.00 | 139.00 | OK | |
r-oldrel-macos-x86_64 | 1.4.0 | NOTE | ||||
r-oldrel-windows-ix86+x86_64 | 1.4.0 | 10.00 | 124.00 | 134.00 | OK |
Version: 1.4.0
Check: dependencies in R code
Result: NOTE
Namespace in Imports field not imported from: ‘maps’
All declared Imports should be used.
Flavors: r-devel-linux-x86_64-fedora-clang, r-devel-linux-x86_64-fedora-gcc, r-patched-solaris-x86, r-release-macos-x86_64, r-oldrel-macos-x86_64