CRAN Package Check Results for Package sknifedatar

Last updated on 2021-09-22 07:51:39 CEST.

Flavor Version Tinstall Tcheck Ttotal Status Flags
r-devel-linux-x86_64-debian-clang 0.1.2 4.43 73.44 77.87 OK
r-devel-linux-x86_64-debian-gcc 0.1.2 3.97 59.15 63.12 OK
r-devel-linux-x86_64-fedora-clang 0.1.2 100.67 OK
r-devel-linux-x86_64-fedora-gcc 0.1.2 92.24 OK
r-devel-windows-x86_64 0.1.2 6.00 81.00 87.00 OK
r-devel-windows-x86_64-gcc10-UCRT 0.1.2 ERROR
r-patched-linux-x86_64 0.1.2 5.20 73.26 78.46 OK
r-patched-solaris-x86 0.1.2 136.10 OK
r-release-linux-x86_64 0.1.2 4.32 73.50 77.82 OK
r-release-macos-arm64 0.1.2 OK
r-release-macos-x86_64 0.1.2 OK
r-release-windows-ix86+x86_64 0.1.2 11.00 81.00 92.00 OK
r-oldrel-macos-x86_64 0.1.2 OK
r-oldrel-windows-ix86+x86_64 0.1.2 7.00 78.00 85.00 OK

Check Details

Version: 0.1.2
Check: package dependencies
Result: ERROR
    Package required but not available: 'modeltime'
    
    Package suggested but not available for checking: 'spelling'
    
    See section 'The DESCRIPTION file' in the 'Writing R Extensions'
    manual.
Flavor: r-devel-windows-x86_64-gcc10-UCRT