Last updated on 2021-02-25 15:47:37 CET.
Flavor | Version | Tinstall | Tcheck | Ttotal | Status | Flags |
---|---|---|---|---|---|---|
r-devel-linux-x86_64-debian-clang | 1.0.0 | 2.33 | 27.08 | 29.41 | OK | |
r-devel-linux-x86_64-debian-gcc | 1.0.0 | 1.80 | 21.32 | 23.12 | OK | |
r-devel-linux-x86_64-fedora-clang | 1.0.0 | 45.96 | NOTE | |||
r-devel-linux-x86_64-fedora-gcc | 1.0.0 | 35.47 | NOTE | |||
r-devel-windows-ix86+x86_64 | 1.0.0 | 5.00 | 32.00 | 37.00 | OK | |
r-patched-linux-x86_64 | 1.0.0 | 2.13 | 26.38 | 28.51 | OK | |
r-patched-solaris-x86 | 1.0.0 | 52.60 | NOTE | |||
r-release-linux-x86_64 | 1.0.0 | 2.22 | 26.10 | 28.32 | OK | |
r-release-macos-x86_64 | 1.0.0 | NOTE | ||||
r-release-windows-ix86+x86_64 | 1.0.0 | 7.00 | 44.00 | 51.00 | OK | |
r-oldrel-macos-x86_64 | 1.0.0 | NOTE | ||||
r-oldrel-windows-ix86+x86_64 | 1.0.0 | 4.00 | 58.00 | 62.00 | OK |
Version: 1.0.0
Check: dependencies in R code
Result: NOTE
Namespaces in Imports field not imported from:
‘data.table’ ‘dplyr’ ‘lubridate’ ‘rmarkdown’ ‘yaml’
All declared Imports should be used.
Flavors: r-devel-linux-x86_64-fedora-clang, r-devel-linux-x86_64-fedora-gcc, r-patched-solaris-x86, r-release-macos-x86_64, r-oldrel-macos-x86_64