Last updated on 2021-03-05 23:48:56 CET.
Flavor | Version | Tinstall | Tcheck | Ttotal | Status | Flags |
---|---|---|---|---|---|---|
r-devel-linux-x86_64-debian-clang | 0.2.0 | 7.12 | 61.01 | 68.13 | OK | |
r-devel-linux-x86_64-debian-gcc | 0.2.0 | 5.35 | 46.14 | 51.49 | OK | |
r-devel-linux-x86_64-fedora-clang | 0.2.0 | 91.63 | NOTE | |||
r-devel-linux-x86_64-fedora-gcc | 0.2.0 | 76.15 | NOTE | |||
r-devel-windows-ix86+x86_64 | 0.2.0 | 14.00 | 68.00 | 82.00 | OK | |
r-patched-linux-x86_64 | 0.2.0 | OK | ||||
r-patched-solaris-x86 | 0.2.0 | 105.50 | NOTE | |||
r-release-linux-x86_64 | 0.2.0 | 6.60 | 55.79 | 62.39 | OK | |
r-release-macos-x86_64 | 0.2.0 | NOTE | ||||
r-release-windows-ix86+x86_64 | 0.2.0 | 15.00 | 58.00 | 73.00 | OK | |
r-oldrel-macos-x86_64 | 0.2.0 | NOTE | ||||
r-oldrel-windows-ix86+x86_64 | 0.2.0 | 11.00 | 54.00 | 65.00 | OK |
Version: 0.2.0
Check: dependencies in R code
Result: NOTE
Namespace in Imports field not imported from: ‘stringi’
All declared Imports should be used.
Flavors: r-devel-linux-x86_64-fedora-clang, r-devel-linux-x86_64-fedora-gcc, r-patched-solaris-x86, r-release-macos-x86_64
Version: 0.2.0
Check: dependencies in R code
Result: NOTE
No protocol specified
No protocol specified
Namespace in Imports field not imported from: ‘stringi’
All declared Imports should be used.
Flavor: r-oldrel-macos-x86_64