CRAN Package Check Results for Package sirus

Last updated on 2021-06-13 11:49:20 CEST.

Flavor Version Tinstall Tcheck Ttotal Status Flags
r-devel-linux-x86_64-debian-clang 0.3.2 114.23 121.23 235.46 OK
r-devel-linux-x86_64-debian-gcc 0.3.2 77.27 90.91 168.18 OK
r-devel-linux-x86_64-fedora-clang 0.3.2 317.88 NOTE
r-devel-linux-x86_64-fedora-gcc 0.3.2 290.65 OK
r-devel-windows-x86_64 0.3.2 135.00 153.00 288.00 OK
r-devel-windows-x86_64-gcc10-UCRT 0.3.2 OK
r-patched-linux-x86_64 0.3.2 88.21 114.94 203.15 OK
r-patched-solaris-x86 0.3.2 342.00 OK
r-release-linux-x86_64 0.3.2 89.71 114.74 204.45 OK
r-release-macos-arm64 0.3.2 NOTE
r-release-macos-x86_64 0.3.2 NOTE
r-release-windows-ix86+x86_64 0.3.2 223.00 239.00 462.00 OK
r-oldrel-macos-x86_64 0.3.2 NOTE
r-oldrel-windows-ix86+x86_64 0.3.2 250.00 215.00 465.00 OK

Check Details

Version: 0.3.2
Check: installed package size
Result: NOTE
     installed size is 7.5Mb
     sub-directories of 1Mb or more:
     libs 7.2Mb
Flavors: r-devel-linux-x86_64-fedora-clang, r-release-macos-arm64, r-release-macos-x86_64, r-oldrel-macos-x86_64

Version: 0.3.2
Check: Rd cross-references
Result: NOTE
    Undeclared package ‘ranger’ in Rd xrefs
Flavor: r-devel-linux-x86_64-fedora-clang