CRAN Package Check Results for Package simulator

Last updated on 2021-02-25 11:47:38 CET.

Flavor Version Tinstall Tcheck Ttotal Status Flags
r-devel-linux-x86_64-debian-clang 0.2.0 8.17 106.55 114.72 OK --no-vignettes
r-devel-linux-x86_64-debian-gcc 0.2.0 6.31 86.49 92.80 OK --no-vignettes
r-devel-linux-x86_64-fedora-clang 0.2.0 612.22 OK
r-devel-linux-x86_64-fedora-gcc 0.2.0 634.20 OK
r-devel-windows-ix86+x86_64 0.2.0 11.00 98.00 109.00 OK --no-vignettes
r-patched-linux-x86_64 0.2.0 7.51 102.46 109.97 OK --no-vignettes
r-patched-solaris-x86 0.2.0 2375.80 OK
r-release-linux-x86_64 0.2.0 6.91 101.74 108.65 OK --no-vignettes
r-release-macos-x86_64 0.2.0 OK
r-release-windows-ix86+x86_64 0.2.0 30.00 143.00 173.00 OK --no-vignettes
r-oldrel-macos-x86_64 0.2.0 FAIL
r-oldrel-windows-ix86+x86_64 0.2.0 9.00 123.00 132.00 OK --no-vignettes

Check Details

Version: 0.2.0
Check: re-building of vignette outputs
Result: FAIL
Flavor: r-oldrel-macos-x86_64