CRAN Package Check Results for Package simtimer

Last updated on 2021-06-20 19:50:43 CEST.

Flavor Version Tinstall Tcheck Ttotal Status Flags
r-devel-linux-x86_64-debian-clang 4.0.0 1.76 23.29 25.05 NOTE
r-devel-linux-x86_64-debian-gcc 4.0.0 1.49 18.60 20.09 NOTE
r-devel-linux-x86_64-fedora-clang 4.0.0 39.29 NOTE
r-devel-linux-x86_64-fedora-gcc 4.0.0 30.16 NOTE
r-devel-windows-x86_64 4.0.0 4.00 32.00 36.00 NOTE
r-devel-windows-x86_64-gcc10-UCRT 4.0.0 NOTE
r-patched-linux-x86_64 4.0.0 1.78 22.83 24.61 NOTE
r-patched-solaris-x86 4.0.0 46.40 NOTE
r-release-linux-x86_64 4.0.0 1.57 22.73 24.30 NOTE
r-release-macos-arm64 4.0.0 NOTE
r-release-macos-x86_64 4.0.0 NOTE
r-release-windows-ix86+x86_64 4.0.0 5.00 47.00 52.00 NOTE
r-oldrel-macos-x86_64 4.0.0 OK

Check Details

Version: 4.0.0
Check: LazyData
Result: NOTE
     'LazyData' is specified without a 'data' directory
Flavors: r-devel-linux-x86_64-debian-clang, r-devel-linux-x86_64-debian-gcc, r-devel-linux-x86_64-fedora-clang, r-devel-linux-x86_64-fedora-gcc, r-devel-windows-x86_64, r-devel-windows-x86_64-gcc10-UCRT, r-patched-linux-x86_64, r-patched-solaris-x86, r-release-linux-x86_64, r-release-macos-arm64, r-release-macos-x86_64, r-release-windows-ix86+x86_64