CRAN Package Check Results for Package sims

Last updated on 2022-08-17 23:53:40 CEST.

Flavor Version Tinstall Tcheck Ttotal Status Flags
r-devel-linux-x86_64-debian-clang 0.0.3 4.40 58.48 62.88 OK
r-devel-linux-x86_64-debian-gcc 0.0.3 OK
r-devel-linux-x86_64-fedora-clang 0.0.3 87.28 OK
r-devel-linux-x86_64-fedora-gcc 0.0.3 84.96 OK
r-devel-windows-x86_64 0.0.3 15.00 107.00 122.00 OK
r-patched-linux-x86_64 0.0.3 5.18 56.72 61.90 OK
r-release-linux-x86_64 0.0.3 4.80 56.95 61.75 OK
r-release-macos-arm64 0.0.3 26.00 OK
r-release-macos-x86_64 0.0.3 40.00 NOTE
r-release-windows-x86_64 0.0.3 17.00 107.00 124.00 OK
r-oldrel-macos-arm64 0.0.3 34.00 OK
r-oldrel-macos-x86_64 0.0.3 42.00 OK
r-oldrel-windows-ix86+x86_64 0.0.3 11.00 98.00 109.00 OK

Check Details

Version: 0.0.3
Check: package dependencies
Result: NOTE
    Package suggested but not available for checking: ‘rjags’
Flavor: r-release-macos-x86_64