CRAN Package Check Results for Package simr

Last updated on 2024-06-14 00:53:59 CEST.

Flavor Version Tinstall Tcheck Ttotal Status Flags
r-devel-linux-x86_64-debian-clang 1.0.7 12.84 222.25 235.09 OK
r-devel-linux-x86_64-debian-gcc 1.0.7 0.43 1.75 2.18 ERROR
r-devel-linux-x86_64-fedora-clang 1.0.7 287.79 OK
r-devel-linux-x86_64-fedora-gcc 1.0.7 282.12 OK
r-devel-windows-x86_64 1.0.7 13.00 157.00 170.00 OK
r-patched-linux-x86_64 1.0.7 18.72 204.46 223.18 OK
r-release-linux-x86_64 1.0.7 12.17 207.43 219.60 OK
r-release-macos-arm64 1.0.7 78.00 OK
r-release-macos-x86_64 1.0.7 136.00 OK
r-release-windows-x86_64 1.0.7 13.00 161.00 174.00 OK
r-oldrel-macos-arm64 1.0.7 64.00 OK
r-oldrel-macos-x86_64 1.0.7 159.00 OK
r-oldrel-windows-x86_64 1.0.7 17.00 203.00 220.00 OK

Check Details

Version: 1.0.7
Check: package dependencies
Result: ERROR Packages required but not available: 'lme4', 'pbkrtest', 'RLRsim', 'stringr', 'car', 'lmerTest' Package suggested but not available for checking: ‘testthat’ See section ‘The DESCRIPTION file’ in the ‘Writing R Extensions’ manual. Flavor: r-devel-linux-x86_64-debian-gcc