Last updated on 2023-12-11 04:03:42 CET.
Flavor | Version | Tinstall | Tcheck | Ttotal | Status | Flags |
---|---|---|---|---|---|---|
r-devel-linux-x86_64-debian-clang | 7.1.0 | 10.64 | 93.85 | 104.49 | NOTE | |
r-devel-linux-x86_64-debian-gcc | 7.1.0 | 8.55 | 68.48 | 77.03 | NOTE | |
r-devel-linux-x86_64-fedora-clang | 7.1.0 | 128.67 | NOTE | |||
r-devel-linux-x86_64-fedora-gcc | 7.1.0 | 141.13 | NOTE | |||
r-devel-windows-x86_64 | 7.1.0 | 11.00 | 86.00 | 97.00 | NOTE | |
r-patched-linux-x86_64 | 7.1.0 | 7.29 | 88.03 | 95.32 | NOTE | |
r-release-linux-x86_64 | 7.1.0 | 7.04 | 87.48 | 94.52 | NOTE | |
r-release-macos-arm64 | 7.1.0 | 43.00 | OK | |||
r-release-macos-x86_64 | 7.1.0 | 112.00 | OK | |||
r-release-windows-x86_64 | 7.1.0 | 14.00 | 101.00 | 115.00 | OK | |
r-oldrel-macos-arm64 | 7.1.0 | 52.00 | OK | |||
r-oldrel-macos-x86_64 | 7.1.0 | 54.00 | OK | |||
r-oldrel-windows-x86_64 | 7.1.0 | 14.00 | 109.00 | 123.00 | OK |
Version: 7.1.0
Check: package dependencies
Result: NOTE
Packages suggested but not available for checking: 'rgdal', 'rgeos'
Flavors: r-devel-linux-x86_64-debian-clang, r-devel-linux-x86_64-debian-gcc, r-devel-linux-x86_64-fedora-clang, r-devel-linux-x86_64-fedora-gcc, r-patched-linux-x86_64, r-release-linux-x86_64
Version: 7.1.0
Check: Rd \usage sections
Result: NOTE
Documented arguments not in \usage in Rd file 'interval_labels.Rd':
‘format’
Functions with \usage entries need to have the appropriate \alias
entries, and all their arguments documented.
The \usage entries must correspond to syntactically valid R code.
See chapter ‘Writing R documentation files’ in the ‘Writing R
Extensions’ manual.
Flavors: r-devel-linux-x86_64-debian-clang, r-devel-linux-x86_64-debian-gcc, r-devel-linux-x86_64-fedora-clang, r-devel-linux-x86_64-fedora-gcc, r-devel-windows-x86_64