CRAN Package Check Results for Package simplegraphdb

Last updated on 2024-07-21 15:53:45 CEST.

Flavor Version Tinstall Tcheck Ttotal Status Flags
r-devel-linux-x86_64-debian-clang 2021.03.10 5.14 45.49 50.63 NOTE
r-devel-linux-x86_64-debian-gcc 2021.03.10 3.72 34.08 37.80 NOTE
r-devel-linux-x86_64-fedora-clang 2021.03.10 61.61 NOTE
r-devel-linux-x86_64-fedora-gcc 2021.03.10 59.20 NOTE
r-devel-windows-x86_64 2021.03.10 6.00 55.00 61.00 NOTE
r-patched-linux-x86_64 2021.03.10 4.75 43.23 47.98 NOTE
r-release-linux-x86_64 2021.03.10 3.22 42.32 45.54 NOTE
r-release-macos-arm64 2021.03.10 23.00 NOTE
r-release-macos-x86_64 2021.03.10 32.00 NOTE
r-release-windows-x86_64 2021.03.10 6.00 55.00 61.00 NOTE
r-oldrel-macos-arm64 2021.03.10 28.00 NOTE
r-oldrel-macos-x86_64 2021.03.10 33.00 NOTE
r-oldrel-windows-x86_64 2021.03.10 7.00 60.00 67.00 NOTE

Check Details

Version: 2021.03.10
Check: LazyData
Result: NOTE 'LazyData' is specified without a 'data' directory Flavors: r-devel-linux-x86_64-debian-clang, r-devel-linux-x86_64-debian-gcc, r-devel-linux-x86_64-fedora-clang, r-devel-linux-x86_64-fedora-gcc, r-devel-windows-x86_64, r-patched-linux-x86_64, r-release-linux-x86_64, r-release-macos-arm64, r-release-macos-x86_64, r-release-windows-x86_64, r-oldrel-macos-arm64, r-oldrel-macos-x86_64, r-oldrel-windows-x86_64

Version: 2021.03.10
Check: dependencies in R code
Result: NOTE Namespace in Imports field not imported from: ‘DBI’ All declared Imports should be used. Flavors: r-devel-linux-x86_64-fedora-clang, r-devel-linux-x86_64-fedora-gcc